{"id":9893,"date":"2021-04-14T14:22:21","date_gmt":"2021-04-14T12:22:21","guid":{"rendered":"https:\/\/www.antikvariat-vodnik.si\/?post_type=product&#038;p=9893"},"modified":"2022-05-09T16:31:35","modified_gmt":"2022-05-09T14:31:35","slug":"sonetni-venec-francoski","status":"publish","type":"product","link":"https:\/\/www.antikvariat-vodnik.si\/?product=sonetni-venec-francoski","title":{"rendered":"SONETNI VENEC &#8211; FRANCOSKI"},"content":{"rendered":"<p>\u201cKar osuplja, je sama pesni\u0161ka mojstrovina. Razen nadvse preciznih metri\u010dnih zahtev sonetne oblike, enako strogih zahtev, da sonetni ciklus razvije argument, in posebno te\u017eavne naloge &#8211; zagotovitve, da je \u201cmojstrski sonet\u201c sam na sebi zaokro\u017een, je Pre\u0161eren postavil svoji umetnini \u0161e en pogoj: razkriti mora skrivnost. Z drugimi besedami: Z \u201cVencem\u201c je Pre\u0161eren dokazal, da suvereno obvlada poezijo na vseh ravneh.\u201c<\/p>\n<p>Strani:<br \/>\n48<br \/>\nVezava:<br \/>\ntrda vezava<br \/>\nFormat:<br \/>\n8,5 x 15 cm<br \/>\nPrevod:<br \/>\nPrevedel Vladimir Poga\u010dnik<\/p>\n","protected":false},"excerpt":{"rendered":"<p>\u201cKar osuplja, je sama pesni\u0161ka mojstrovina. Razen nadvse preciznih metri\u010dnih zahtev sonetne oblike, enako strogih zahtev, da sonetni ciklus razvije argument, in posebno te\u017eavne naloge &#8211; zagotovitve, da je \u201cmojstrski sonet\u201c sam na sebi zaokro\u017een, je Pre\u0161eren postavil svoji umetnini \u0161e en pogoj: razkriti mora skrivnost. Z drugimi besedami: Z \u201cVencem\u201c je Pre\u0161eren dokazal, da [&hellip;]<\/p>\n","protected":false},"featured_media":9894,"template":"","meta":{"_monsterinsights_skip_tracking":false,"_monsterinsights_sitenote_active":false,"_monsterinsights_sitenote_note":"","_monsterinsights_sitenote_category":0},"product_brand":[],"product_cat":[16,36,18],"product_tag":[],"class_list":{"0":"post-9893","1":"product","2":"type-product","3":"status-publish","4":"has-post-thumbnail","6":"product_cat-katalog-knjig","7":"product_cat-leposlovje-nove-knjige","8":"product_cat-nove-knjige","10":"first","11":"instock","12":"taxable","13":"shipping-taxable","14":"purchasable","15":"product-type-simple"},"jetpack_sharing_enabled":true,"_links":{"self":[{"href":"https:\/\/www.antikvariat-vodnik.si\/index.php?rest_route=\/wp\/v2\/product\/9893","targetHints":{"allow":["GET"]}}],"collection":[{"href":"https:\/\/www.antikvariat-vodnik.si\/index.php?rest_route=\/wp\/v2\/product"}],"about":[{"href":"https:\/\/www.antikvariat-vodnik.si\/index.php?rest_route=\/wp\/v2\/types\/product"}],"wp:featuredmedia":[{"embeddable":true,"href":"https:\/\/www.antikvariat-vodnik.si\/index.php?rest_route=\/wp\/v2\/media\/9894"}],"wp:attachment":[{"href":"https:\/\/www.antikvariat-vodnik.si\/index.php?rest_route=%2Fwp%2Fv2%2Fmedia&parent=9893"}],"wp:term":[{"taxonomy":"product_brand","embeddable":true,"href":"https:\/\/www.antikvariat-vodnik.si\/index.php?rest_route=%2Fwp%2Fv2%2Fproduct_brand&post=9893"},{"taxonomy":"product_cat","embeddable":true,"href":"https:\/\/www.antikvariat-vodnik.si\/index.php?rest_route=%2Fwp%2Fv2%2Fproduct_cat&post=9893"},{"taxonomy":"product_tag","embeddable":true,"href":"https:\/\/www.antikvariat-vodnik.si\/index.php?rest_route=%2Fwp%2Fv2%2Fproduct_tag&post=9893"}],"curies":[{"name":"wp","href":"https:\/\/api.w.org\/{rel}","templated":true}]}}