{"id":9870,"date":"2021-04-14T12:42:35","date_gmt":"2021-04-14T10:42:35","guid":{"rendered":"https:\/\/www.antikvariat-vodnik.si\/?post_type=product&#038;p=9870"},"modified":"2022-03-31T17:41:51","modified_gmt":"2022-03-31T15:41:51","slug":"jecmen-barley-vec-avtorjev","status":"publish","type":"product","link":"https:\/\/www.antikvariat-vodnik.si\/?product=jecmen-barley-vec-avtorjev","title":{"rendered":"JE\u010cMEN\/BARLEY, ve\u010d avtorjev"},"content":{"rendered":"<p style=\"font-weight: 400;\">V\u00a0\u00a0Zalo\u017ebi Kme\u010dki glas smo, po dveh uspe\u0161nih slovensko \u2013 angle\u0161kih knjigah knjigah: Ajda, Proso,\u00a0 pripravili novo knjigo o \u0161e enem \u017eitu: je\u010dmenu. Tudi ta je vzporedno slovensko \u2013 angle\u0161ka.<\/p>\n<p style=\"font-weight: 400;\">Semena je\u010dmena so bogata z vlakninami, prehransko posebej pomembnimi betaglukani, beljakovinami in minerali (\u017eelezo, cink, fosfor, magnezij). Betaglukani nase ve\u017eejo veliko vode in drugih snovi, ki jih izlo\u010dajo iz telesa, s tem pa je povezano tudi ni\u017eanje koncentracije slabega holesterola v krvnem serumu.\u00a0Poleg uvodnega znanja o je\u010dmenu kot \u017eitu, je knjiga predvsem kulinari\u010dna.\u00a0 V knjigi\u00a0 ve\u010d kot 40 receptov za okusne jedi, zato bo gotovo prispevala\u00a0\u00a0 k\u00a0 ve\u010dji uporabi je\u010dmena in k razvoju novih, zdravih lokalnih jedi.<\/p>\n","protected":false},"excerpt":{"rendered":"<p>V\u00a0\u00a0Zalo\u017ebi Kme\u010dki glas smo, po dveh uspe\u0161nih slovensko \u2013 angle\u0161kih knjigah knjigah: Ajda, Proso,\u00a0 pripravili novo knjigo o \u0161e enem \u017eitu: je\u010dmenu. Tudi ta je vzporedno slovensko \u2013 angle\u0161ka. Semena je\u010dmena so bogata z vlakninami, prehransko posebej pomembnimi betaglukani, beljakovinami in minerali (\u017eelezo, cink, fosfor, magnezij). Betaglukani nase ve\u017eejo veliko vode in drugih snovi, ki [&hellip;]<\/p>\n","protected":false},"featured_media":9871,"template":"","meta":{"_monsterinsights_skip_tracking":false,"_monsterinsights_sitenote_active":false,"_monsterinsights_sitenote_note":"","_monsterinsights_sitenote_category":0},"product_brand":[],"product_cat":[16,18,41],"product_tag":[],"class_list":{"0":"post-9870","1":"product","2":"type-product","3":"status-publish","4":"has-post-thumbnail","6":"product_cat-katalog-knjig","7":"product_cat-nove-knjige","8":"product_cat-zdravje-kulinarika","10":"first","11":"instock","12":"taxable","13":"shipping-taxable","14":"purchasable","15":"product-type-simple"},"jetpack_sharing_enabled":true,"_links":{"self":[{"href":"https:\/\/www.antikvariat-vodnik.si\/index.php?rest_route=\/wp\/v2\/product\/9870","targetHints":{"allow":["GET"]}}],"collection":[{"href":"https:\/\/www.antikvariat-vodnik.si\/index.php?rest_route=\/wp\/v2\/product"}],"about":[{"href":"https:\/\/www.antikvariat-vodnik.si\/index.php?rest_route=\/wp\/v2\/types\/product"}],"wp:featuredmedia":[{"embeddable":true,"href":"https:\/\/www.antikvariat-vodnik.si\/index.php?rest_route=\/wp\/v2\/media\/9871"}],"wp:attachment":[{"href":"https:\/\/www.antikvariat-vodnik.si\/index.php?rest_route=%2Fwp%2Fv2%2Fmedia&parent=9870"}],"wp:term":[{"taxonomy":"product_brand","embeddable":true,"href":"https:\/\/www.antikvariat-vodnik.si\/index.php?rest_route=%2Fwp%2Fv2%2Fproduct_brand&post=9870"},{"taxonomy":"product_cat","embeddable":true,"href":"https:\/\/www.antikvariat-vodnik.si\/index.php?rest_route=%2Fwp%2Fv2%2Fproduct_cat&post=9870"},{"taxonomy":"product_tag","embeddable":true,"href":"https:\/\/www.antikvariat-vodnik.si\/index.php?rest_route=%2Fwp%2Fv2%2Fproduct_tag&post=9870"}],"curies":[{"name":"wp","href":"https:\/\/api.w.org\/{rel}","templated":true}]}}