{"id":9866,"date":"2021-04-14T12:27:09","date_gmt":"2021-04-14T10:27:09","guid":{"rendered":"https:\/\/www.antikvariat-vodnik.si\/?post_type=product&#038;p=9866"},"modified":"2021-04-14T12:27:45","modified_gmt":"2021-04-14T10:27:45","slug":"ajda-buckwheat-vec-avtorjev","status":"publish","type":"product","link":"https:\/\/www.antikvariat-vodnik.si\/?product=ajda-buckwheat-vec-avtorjev","title":{"rendered":"AJDA \/ BUCKWHEAT, ve\u010d avtorjev"},"content":{"rendered":"<p>Knjiga je poleg ponatisa zdaj do\u017eivela tudi dopolnjeno izdajo. Med novostmi v te izdaje je med drugim opis japonske sorte ajde in 7 novih odli\u010dnih receptov za ajdove jedi. V knjigi so sicer opisane lastnosti, pridelava in posebnosti te starodavne polj\u0161\u010dine, njena aktualnost in uporabnost. V sliki in besedi je predstavljenih preko 50 receptov za sladice in druge jedi z ajdo. Celotno besedilo knjige je dvojezi\u010dno: slovensko &#8211; angle\u0161ko. Namenjena je pridelovalcem ajde, ljubiteljem sladic, kulinarike in etnologije, hkrati bo zagotovo zelo lepo darilo prijateljem doma in po svetu.<\/p>\n","protected":false},"excerpt":{"rendered":"<p>Knjiga je poleg ponatisa zdaj do\u017eivela tudi dopolnjeno izdajo. Med novostmi v te izdaje je med drugim opis japonske sorte ajde in 7 novih odli\u010dnih receptov za ajdove jedi. V knjigi so sicer opisane lastnosti, pridelava in posebnosti te starodavne polj\u0161\u010dine, njena aktualnost in uporabnost. V sliki in besedi je predstavljenih preko 50 receptov za [&hellip;]<\/p>\n","protected":false},"featured_media":9867,"template":"","meta":{"_monsterinsights_skip_tracking":false,"_monsterinsights_sitenote_active":false,"_monsterinsights_sitenote_note":"","_monsterinsights_sitenote_category":0},"product_brand":[],"product_cat":[16,18,41],"product_tag":[],"class_list":{"0":"post-9866","1":"product","2":"type-product","3":"status-publish","4":"has-post-thumbnail","6":"product_cat-katalog-knjig","7":"product_cat-nove-knjige","8":"product_cat-zdravje-kulinarika","10":"first","11":"instock","12":"taxable","13":"shipping-taxable","14":"purchasable","15":"product-type-simple"},"jetpack_sharing_enabled":true,"_links":{"self":[{"href":"https:\/\/www.antikvariat-vodnik.si\/index.php?rest_route=\/wp\/v2\/product\/9866","targetHints":{"allow":["GET"]}}],"collection":[{"href":"https:\/\/www.antikvariat-vodnik.si\/index.php?rest_route=\/wp\/v2\/product"}],"about":[{"href":"https:\/\/www.antikvariat-vodnik.si\/index.php?rest_route=\/wp\/v2\/types\/product"}],"wp:featuredmedia":[{"embeddable":true,"href":"https:\/\/www.antikvariat-vodnik.si\/index.php?rest_route=\/wp\/v2\/media\/9867"}],"wp:attachment":[{"href":"https:\/\/www.antikvariat-vodnik.si\/index.php?rest_route=%2Fwp%2Fv2%2Fmedia&parent=9866"}],"wp:term":[{"taxonomy":"product_brand","embeddable":true,"href":"https:\/\/www.antikvariat-vodnik.si\/index.php?rest_route=%2Fwp%2Fv2%2Fproduct_brand&post=9866"},{"taxonomy":"product_cat","embeddable":true,"href":"https:\/\/www.antikvariat-vodnik.si\/index.php?rest_route=%2Fwp%2Fv2%2Fproduct_cat&post=9866"},{"taxonomy":"product_tag","embeddable":true,"href":"https:\/\/www.antikvariat-vodnik.si\/index.php?rest_route=%2Fwp%2Fv2%2Fproduct_tag&post=9866"}],"curies":[{"name":"wp","href":"https:\/\/api.w.org\/{rel}","templated":true}]}}