{"id":9803,"date":"2021-04-13T15:20:34","date_gmt":"2021-04-13T13:20:34","guid":{"rendered":"https:\/\/www.antikvariat-vodnik.si\/?post_type=product&#038;p=9803"},"modified":"2022-09-07T13:04:03","modified_gmt":"2022-09-07T11:04:03","slug":"zen-tarot-osho","status":"publish","type":"product","link":"https:\/\/www.antikvariat-vodnik.si\/?product=zen-tarot-osho","title":{"rendered":"ZEN TAROT, Osho"},"content":{"rendered":"<p>Transcendentalna zenovska igra<\/p>\n<p>Osho zen tarot se osredoto\u010da na pridobivanje razumevanja o tem, kar je tukaj in zdaj. Kot sistem je utemeljen na zenovski modrosti, ki pravi, da dogodki v zunanjem svetu preprosto odsevajo na\u0161e lastne misli in ob\u010dutja, \u010deprav nam samim nemara ni jasno, kak\u0161ni te misli in ob\u010dutja pravzaprav so. V paketu boste prejeli kar 78 \u010dudovitih tarot kart in knji\u017eico z navodili za uporabo kart in natan\u010dnimi razlagami.<\/p>\n<div class=\"attribut\">Zalo\u017eba:\u00a0Primus<\/div>\n<div class=\"attribut\">Leto izdaje:\u00a02015<\/div>\n<div class=\"attribut\">\u0160t. strani:\u00a0174<\/div>\n<div class=\"attribut\">\u0160irina (mm):\u00a0125<\/div>\n<div class=\"attribut\">Vi\u0161ina (mm):\u00a0195<\/div>\n<div class=\"attribut\">Debelina (mm):\u00a050<\/div>\n<div class=\"attribut\">Te\u017ea:\u00a0508 g<\/div>\n","protected":false},"excerpt":{"rendered":"<p>Transcendentalna zenovska igra Osho zen tarot se osredoto\u010da na pridobivanje razumevanja o tem, kar je tukaj in zdaj. Kot sistem je utemeljen na zenovski modrosti, ki pravi, da dogodki v zunanjem svetu preprosto odsevajo na\u0161e lastne misli in ob\u010dutja, \u010deprav nam samim nemara ni jasno, kak\u0161ni te misli in ob\u010dutja pravzaprav so. V paketu boste [&hellip;]<\/p>\n","protected":false},"featured_media":9804,"template":"","meta":{"_monsterinsights_skip_tracking":false,"_monsterinsights_sitenote_active":false,"_monsterinsights_sitenote_note":"","_monsterinsights_sitenote_category":0},"product_brand":[],"product_cat":[37,16,18],"product_tag":[],"class_list":{"0":"post-9803","1":"product","2":"type-product","3":"status-publish","4":"has-post-thumbnail","6":"product_cat-duhovnost-in-osebna-rast","7":"product_cat-katalog-knjig","8":"product_cat-nove-knjige","10":"first","11":"instock","12":"taxable","13":"shipping-taxable","14":"purchasable","15":"product-type-simple"},"jetpack_sharing_enabled":true,"_links":{"self":[{"href":"https:\/\/www.antikvariat-vodnik.si\/index.php?rest_route=\/wp\/v2\/product\/9803","targetHints":{"allow":["GET"]}}],"collection":[{"href":"https:\/\/www.antikvariat-vodnik.si\/index.php?rest_route=\/wp\/v2\/product"}],"about":[{"href":"https:\/\/www.antikvariat-vodnik.si\/index.php?rest_route=\/wp\/v2\/types\/product"}],"wp:featuredmedia":[{"embeddable":true,"href":"https:\/\/www.antikvariat-vodnik.si\/index.php?rest_route=\/wp\/v2\/media\/9804"}],"wp:attachment":[{"href":"https:\/\/www.antikvariat-vodnik.si\/index.php?rest_route=%2Fwp%2Fv2%2Fmedia&parent=9803"}],"wp:term":[{"taxonomy":"product_brand","embeddable":true,"href":"https:\/\/www.antikvariat-vodnik.si\/index.php?rest_route=%2Fwp%2Fv2%2Fproduct_brand&post=9803"},{"taxonomy":"product_cat","embeddable":true,"href":"https:\/\/www.antikvariat-vodnik.si\/index.php?rest_route=%2Fwp%2Fv2%2Fproduct_cat&post=9803"},{"taxonomy":"product_tag","embeddable":true,"href":"https:\/\/www.antikvariat-vodnik.si\/index.php?rest_route=%2Fwp%2Fv2%2Fproduct_tag&post=9803"}],"curies":[{"name":"wp","href":"https:\/\/api.w.org\/{rel}","templated":true}]}}