{"id":9488,"date":"2021-04-09T14:07:59","date_gmt":"2021-04-09T12:07:59","guid":{"rendered":"https:\/\/www.antikvariat-vodnik.si\/?post_type=product&#038;p=9488"},"modified":"2022-03-30T17:51:34","modified_gmt":"2022-03-30T15:51:34","slug":"poezije-france-preseren","status":"publish","type":"product","link":"https:\/\/www.antikvariat-vodnik.si\/?product=poezije-france-preseren","title":{"rendered":"POEZIJE, France Pre\u0161eren"},"content":{"rendered":"<div><b>Drugi sodelujo\u010di avtorji<\/b>:\u00a0Jure Zupan,\u00a0Jo\u017ee Faganel<\/div>\n<div><b>Strani<\/b>: 288<\/div>\n<div><b>Zbirka<\/b>:\u00a0NEMINLJIVI<\/div>\n<div><b>Format<\/b>: 165 mm x 235 mm<\/div>\n<div><b>Vezava<\/b>: trda vezava<\/div>\n<div><b>Leto izdaje<\/b>: 2020<\/div>\n<div><\/div>\n<div>\n<p>Pre\u0161eren za sodobnega bralca<\/p>\n<p><em>Pri\u010dujo\u010da izdaja Poezij stopa pred naj\u0161ir\u0161e sodobno bralstvo\u00a0<\/em><em>obogatena s \u0161tevilnimi razlagami manj znanih besed in pojmov\u00a0<\/em><em>tik ob pesmih, ki jih je pripravil znanstvenik nehumanisti\u010dne\u00a0<\/em><em>stroke dr. Jure Zupan, in prijaznej\u0161a recitatorjem, za kar je\u00a0<\/em><em>poskrbel Jo\u017ee Faganel.<\/em><\/p>\n<p>Pre\u0161ernove\u00a0<em>Poezije<\/em>\u00a0s sprotnimi opombami bralcu dajejo uvid\u00a0v razli\u010dne vidike pesnikovega ustvarjanja. S tem pogled na\u00a0Pre\u0161ernovo delo, osredinjen samo na vsebino in oblikovnost,\u00a0pomembno dopolnjujejo z velikokrat spregledanega vidika.\u00a0Opombe k Pre\u0161ernovim\u00a0<em>Poezijam<\/em>\u00a0namre\u010d opozarjajo na\u00a0\u0161irino pesnikove splo\u0161ne, klasi\u010dne in literarne izobra\u017eenosti,\u00a0v kateri je na\u0161el ne samo osebe, mite, izraze in primerjave,\u00a0ampak tudi motive in povezave s svetovnimi dogodki od\u00a0antike preko srednjega veka in renesanse do revolucionarnih\u00a0dogodkov prve polovice 19. stoletja. Pre\u0161eren ni bil samo\u00a0intelektualec, ampak tudi \u010dlovek iz ljudstva; \u010dlovek, ki je\u00a0dobro poznal vse strani \u017eivljenja, od trdega kme\u010dkega dela\u00a0svojih najbli\u017ejih, posvetnega \u017eivljenja takratnih ljubljanskih\u00a0me\u0161\u010danov, politi\u010dnih spletk uradni\u0161tva, razli\u010dnih stanov in\u00a0cenzorjev, delovanja duhovnikov pa tudi sprenevedanja, do\u00a0razgraja\u0161kega veselja\u0161tva plemstva ipd.<\/p>\n<p>Pri\u010dujo\u010da izdaja\u00a0<em>Poezij<\/em>\u00a0uredni\u0161ko sledi upo\u0161tevanju na\u010dela,\u00a0da se poezija uresni\u010di z recitacijo, zato bralcu ponuja ustrezna\u00a0naglasna znamenja. Dodani sta tudi spremni besedili\u00a0dr. Jureta Zupana in Jo\u017eeta Faganela, stvarno, krajevno in\u00a0imensko kazalo ter statisti\u010dni pregled najpogostej\u0161ih samostalnikov,\u00a0glagolov in pridevnikov v Pre\u0161ernovih pesmih.<\/p>\n<\/div>\n","protected":false},"excerpt":{"rendered":"<p>Drugi sodelujo\u010di avtorji:\u00a0Jure Zupan,\u00a0Jo\u017ee Faganel Strani: 288 Zbirka:\u00a0NEMINLJIVI Format: 165 mm x 235 mm Vezava: trda vezava Leto izdaje: 2020 Pre\u0161eren za sodobnega bralca Pri\u010dujo\u010da izdaja Poezij stopa pred naj\u0161ir\u0161e sodobno bralstvo\u00a0obogatena s \u0161tevilnimi razlagami manj znanih besed in pojmov\u00a0tik ob pesmih, ki jih je pripravil znanstvenik nehumanisti\u010dne\u00a0stroke dr. Jure Zupan, in prijaznej\u0161a recitatorjem, za [&hellip;]<\/p>\n","protected":false},"featured_media":9489,"template":"","meta":{"_monsterinsights_skip_tracking":false,"_monsterinsights_sitenote_active":false,"_monsterinsights_sitenote_note":"","_monsterinsights_sitenote_category":0},"product_brand":[],"product_cat":[36,18],"product_tag":[],"class_list":{"0":"post-9488","1":"product","2":"type-product","3":"status-publish","4":"has-post-thumbnail","6":"product_cat-leposlovje-nove-knjige","7":"product_cat-nove-knjige","9":"first","10":"instock","11":"taxable","12":"shipping-taxable","13":"purchasable","14":"product-type-simple"},"jetpack_sharing_enabled":true,"_links":{"self":[{"href":"https:\/\/www.antikvariat-vodnik.si\/index.php?rest_route=\/wp\/v2\/product\/9488","targetHints":{"allow":["GET"]}}],"collection":[{"href":"https:\/\/www.antikvariat-vodnik.si\/index.php?rest_route=\/wp\/v2\/product"}],"about":[{"href":"https:\/\/www.antikvariat-vodnik.si\/index.php?rest_route=\/wp\/v2\/types\/product"}],"wp:featuredmedia":[{"embeddable":true,"href":"https:\/\/www.antikvariat-vodnik.si\/index.php?rest_route=\/wp\/v2\/media\/9489"}],"wp:attachment":[{"href":"https:\/\/www.antikvariat-vodnik.si\/index.php?rest_route=%2Fwp%2Fv2%2Fmedia&parent=9488"}],"wp:term":[{"taxonomy":"product_brand","embeddable":true,"href":"https:\/\/www.antikvariat-vodnik.si\/index.php?rest_route=%2Fwp%2Fv2%2Fproduct_brand&post=9488"},{"taxonomy":"product_cat","embeddable":true,"href":"https:\/\/www.antikvariat-vodnik.si\/index.php?rest_route=%2Fwp%2Fv2%2Fproduct_cat&post=9488"},{"taxonomy":"product_tag","embeddable":true,"href":"https:\/\/www.antikvariat-vodnik.si\/index.php?rest_route=%2Fwp%2Fv2%2Fproduct_tag&post=9488"}],"curies":[{"name":"wp","href":"https:\/\/api.w.org\/{rel}","templated":true}]}}