{"id":78683,"date":"2026-05-08T18:14:37","date_gmt":"2026-05-08T16:14:37","guid":{"rendered":"https:\/\/www.antikvariat-vodnik.si\/?post_type=product&#038;p=78683"},"modified":"2026-05-08T18:14:40","modified_gmt":"2026-05-08T16:14:40","slug":"colore-veneziano-fernando-bertuzzi","status":"publish","type":"product","link":"https:\/\/www.antikvariat-vodnik.si\/?product=colore-veneziano-fernando-bertuzzi","title":{"rendered":"COLORE VENEZIANO, Fernando Bertuzzi"},"content":{"rendered":"<p>108 str., trda vezava, \u0161\u010ditni ovitek, \u0161uber, 30.5 cm, 1985, lepo ohranjena.<\/p>\n","protected":false},"excerpt":{"rendered":"<p>108 str., trda vezava, \u0161\u010ditni ovitek, \u0161uber, 30.5 cm, 1985, lepo ohranjena.<\/p>\n","protected":false},"featured_media":78684,"template":"","meta":{"_monsterinsights_skip_tracking":false,"_monsterinsights_sitenote_active":false,"_monsterinsights_sitenote_note":"","_monsterinsights_sitenote_category":0},"product_brand":[],"product_cat":[17,63,16,24],"product_tag":[],"class_list":{"0":"post-78683","1":"product","2":"type-product","3":"status-publish","4":"has-post-thumbnail","6":"product_cat-antikvarne-knjige","7":"product_cat-fotografija-film-strip","8":"product_cat-katalog-knjig","9":"product_cat-umetnost","11":"first","12":"instock","13":"taxable","14":"shipping-taxable","15":"purchasable","16":"product-type-simple"},"jetpack_sharing_enabled":true,"_links":{"self":[{"href":"https:\/\/www.antikvariat-vodnik.si\/index.php?rest_route=\/wp\/v2\/product\/78683","targetHints":{"allow":["GET"]}}],"collection":[{"href":"https:\/\/www.antikvariat-vodnik.si\/index.php?rest_route=\/wp\/v2\/product"}],"about":[{"href":"https:\/\/www.antikvariat-vodnik.si\/index.php?rest_route=\/wp\/v2\/types\/product"}],"wp:featuredmedia":[{"embeddable":true,"href":"https:\/\/www.antikvariat-vodnik.si\/index.php?rest_route=\/wp\/v2\/media\/78684"}],"wp:attachment":[{"href":"https:\/\/www.antikvariat-vodnik.si\/index.php?rest_route=%2Fwp%2Fv2%2Fmedia&parent=78683"}],"wp:term":[{"taxonomy":"product_brand","embeddable":true,"href":"https:\/\/www.antikvariat-vodnik.si\/index.php?rest_route=%2Fwp%2Fv2%2Fproduct_brand&post=78683"},{"taxonomy":"product_cat","embeddable":true,"href":"https:\/\/www.antikvariat-vodnik.si\/index.php?rest_route=%2Fwp%2Fv2%2Fproduct_cat&post=78683"},{"taxonomy":"product_tag","embeddable":true,"href":"https:\/\/www.antikvariat-vodnik.si\/index.php?rest_route=%2Fwp%2Fv2%2Fproduct_tag&post=78683"}],"curies":[{"name":"wp","href":"https:\/\/api.w.org\/{rel}","templated":true}]}}