{"id":78397,"date":"2026-04-21T16:18:11","date_gmt":"2026-04-21T14:18:11","guid":{"rendered":"https:\/\/www.antikvariat-vodnik.si\/?post_type=product&#038;p=78397"},"modified":"2026-04-21T16:18:14","modified_gmt":"2026-04-21T14:18:14","slug":"dervisi-i-smrt-mesa-selimovic","status":"publish","type":"product","link":"https:\/\/www.antikvariat-vodnik.si\/?product=dervisi-i-smrt-mesa-selimovic","title":{"rendered":"DERVI\u0160I I SMRT, Me\u0161a Selimovi\u0107"},"content":{"rendered":"<p>v srbskem jeziku. 376 str., mehka vezava, 20.5 cm, Vulkani, 2017, lepo ohranjena.<\/p>\n","protected":false},"excerpt":{"rendered":"<p>v srbskem jeziku. 376 str., mehka vezava, 20.5 cm, Vulkani, 2017, lepo ohranjena.<\/p>\n","protected":false},"featured_media":78398,"template":"","meta":{"_monsterinsights_skip_tracking":false,"_monsterinsights_sitenote_active":false,"_monsterinsights_sitenote_note":"","_monsterinsights_sitenote_category":0},"product_brand":[],"product_cat":[17,16,28,27,65,75],"product_tag":[],"class_list":{"0":"post-78397","1":"product","2":"type-product","3":"status-publish","4":"has-post-thumbnail","6":"product_cat-antikvarne-knjige","7":"product_cat-katalog-knjig","8":"product_cat-knjige-v-tujih-jezikih","9":"product_cat-leposlovje","10":"product_cat-proza-tuji-avtorji","11":"product_cat-srbski-hrvaski-jezik","13":"first","14":"instock","15":"taxable","16":"shipping-taxable","17":"purchasable","18":"product-type-simple"},"jetpack_sharing_enabled":true,"_links":{"self":[{"href":"https:\/\/www.antikvariat-vodnik.si\/index.php?rest_route=\/wp\/v2\/product\/78397","targetHints":{"allow":["GET"]}}],"collection":[{"href":"https:\/\/www.antikvariat-vodnik.si\/index.php?rest_route=\/wp\/v2\/product"}],"about":[{"href":"https:\/\/www.antikvariat-vodnik.si\/index.php?rest_route=\/wp\/v2\/types\/product"}],"wp:featuredmedia":[{"embeddable":true,"href":"https:\/\/www.antikvariat-vodnik.si\/index.php?rest_route=\/wp\/v2\/media\/78398"}],"wp:attachment":[{"href":"https:\/\/www.antikvariat-vodnik.si\/index.php?rest_route=%2Fwp%2Fv2%2Fmedia&parent=78397"}],"wp:term":[{"taxonomy":"product_brand","embeddable":true,"href":"https:\/\/www.antikvariat-vodnik.si\/index.php?rest_route=%2Fwp%2Fv2%2Fproduct_brand&post=78397"},{"taxonomy":"product_cat","embeddable":true,"href":"https:\/\/www.antikvariat-vodnik.si\/index.php?rest_route=%2Fwp%2Fv2%2Fproduct_cat&post=78397"},{"taxonomy":"product_tag","embeddable":true,"href":"https:\/\/www.antikvariat-vodnik.si\/index.php?rest_route=%2Fwp%2Fv2%2Fproduct_tag&post=78397"}],"curies":[{"name":"wp","href":"https:\/\/api.w.org\/{rel}","templated":true}]}}