{"id":76236,"date":"2026-02-17T18:59:59","date_gmt":"2026-02-17T17:59:59","guid":{"rendered":"https:\/\/www.antikvariat-vodnik.si\/?post_type=product&#038;p=76236"},"modified":"2026-02-17T19:01:33","modified_gmt":"2026-02-17T18:01:33","slug":"srednjeveski-cvetnik-primoz-simoniti","status":"publish","type":"product","link":"https:\/\/www.antikvariat-vodnik.si\/?product=srednjeveski-cvetnik-primoz-simoniti","title":{"rendered":"SREDNJEVE\u0160KI CVETNIK, Primo\u017e Simoniti"},"content":{"rendered":"<p>480 str., trda vezava, \u0161\u010ditni ovitek, 22.5 cm, SM, 2000, lepo ohranjena.<\/p>\n","protected":false},"excerpt":{"rendered":"<p>480 str., trda vezava, \u0161\u010ditni ovitek, 22.5 cm, SM, 2000, lepo ohranjena.<\/p>\n","protected":false},"featured_media":76241,"template":"","meta":{"_monsterinsights_skip_tracking":false,"_monsterinsights_sitenote_active":false,"_monsterinsights_sitenote_note":"","_monsterinsights_sitenote_category":0},"product_brand":[],"product_cat":[17,19,27,66,30],"product_tag":[],"class_list":{"0":"post-76236","1":"product","2":"type-product","3":"status-publish","4":"has-post-thumbnail","6":"product_cat-antikvarne-knjige","7":"product_cat-humanistika-druzboslovje","8":"product_cat-leposlovje","9":"product_cat-poezija","10":"product_cat-religija","12":"first","13":"instock","14":"taxable","15":"shipping-taxable","16":"purchasable","17":"product-type-simple"},"jetpack_sharing_enabled":true,"_links":{"self":[{"href":"https:\/\/www.antikvariat-vodnik.si\/index.php?rest_route=\/wp\/v2\/product\/76236","targetHints":{"allow":["GET"]}}],"collection":[{"href":"https:\/\/www.antikvariat-vodnik.si\/index.php?rest_route=\/wp\/v2\/product"}],"about":[{"href":"https:\/\/www.antikvariat-vodnik.si\/index.php?rest_route=\/wp\/v2\/types\/product"}],"wp:featuredmedia":[{"embeddable":true,"href":"https:\/\/www.antikvariat-vodnik.si\/index.php?rest_route=\/wp\/v2\/media\/76241"}],"wp:attachment":[{"href":"https:\/\/www.antikvariat-vodnik.si\/index.php?rest_route=%2Fwp%2Fv2%2Fmedia&parent=76236"}],"wp:term":[{"taxonomy":"product_brand","embeddable":true,"href":"https:\/\/www.antikvariat-vodnik.si\/index.php?rest_route=%2Fwp%2Fv2%2Fproduct_brand&post=76236"},{"taxonomy":"product_cat","embeddable":true,"href":"https:\/\/www.antikvariat-vodnik.si\/index.php?rest_route=%2Fwp%2Fv2%2Fproduct_cat&post=76236"},{"taxonomy":"product_tag","embeddable":true,"href":"https:\/\/www.antikvariat-vodnik.si\/index.php?rest_route=%2Fwp%2Fv2%2Fproduct_tag&post=76236"}],"curies":[{"name":"wp","href":"https:\/\/api.w.org\/{rel}","templated":true}]}}