{"id":72941,"date":"2025-11-08T16:56:19","date_gmt":"2025-11-08T15:56:19","guid":{"rendered":"https:\/\/www.antikvariat-vodnik.si\/?post_type=product&#038;p=72941"},"modified":"2025-11-08T16:56:22","modified_gmt":"2025-11-08T15:56:22","slug":"dotik-svetnikov-vloga-relikvij-v-krscanstvu-na-slovenskem","status":"publish","type":"product","link":"https:\/\/www.antikvariat-vodnik.si\/?product=dotik-svetnikov-vloga-relikvij-v-krscanstvu-na-slovenskem","title":{"rendered":"DOTIK SVETNIKOV; VLOGA RELIKVIJ V KR\u0160\u010cANSTVU NA SLOVENSKEM,"},"content":{"rendered":"<p>116 str., mehka vezava, 29,5 cm, Muzej kr\u0161\u010danstva na Slovenskem, 2008, lepo ohranjena<\/p>\n","protected":false},"excerpt":{"rendered":"<p>116 str., mehka vezava, 29,5 cm, Muzej kr\u0161\u010danstva na Slovenskem, 2008, lepo ohranjena<\/p>\n","protected":false},"featured_media":72944,"template":"","meta":{"_monsterinsights_skip_tracking":false,"_monsterinsights_sitenote_active":false,"_monsterinsights_sitenote_note":"","_monsterinsights_sitenote_category":0},"product_brand":[],"product_cat":[17,19,16,30],"product_tag":[],"class_list":{"0":"post-72941","1":"product","2":"type-product","3":"status-publish","4":"has-post-thumbnail","6":"product_cat-antikvarne-knjige","7":"product_cat-humanistika-druzboslovje","8":"product_cat-katalog-knjig","9":"product_cat-religija","11":"first","12":"instock","13":"taxable","14":"shipping-taxable","15":"purchasable","16":"product-type-simple"},"jetpack_sharing_enabled":true,"_links":{"self":[{"href":"https:\/\/www.antikvariat-vodnik.si\/index.php?rest_route=\/wp\/v2\/product\/72941","targetHints":{"allow":["GET"]}}],"collection":[{"href":"https:\/\/www.antikvariat-vodnik.si\/index.php?rest_route=\/wp\/v2\/product"}],"about":[{"href":"https:\/\/www.antikvariat-vodnik.si\/index.php?rest_route=\/wp\/v2\/types\/product"}],"wp:featuredmedia":[{"embeddable":true,"href":"https:\/\/www.antikvariat-vodnik.si\/index.php?rest_route=\/wp\/v2\/media\/72944"}],"wp:attachment":[{"href":"https:\/\/www.antikvariat-vodnik.si\/index.php?rest_route=%2Fwp%2Fv2%2Fmedia&parent=72941"}],"wp:term":[{"taxonomy":"product_brand","embeddable":true,"href":"https:\/\/www.antikvariat-vodnik.si\/index.php?rest_route=%2Fwp%2Fv2%2Fproduct_brand&post=72941"},{"taxonomy":"product_cat","embeddable":true,"href":"https:\/\/www.antikvariat-vodnik.si\/index.php?rest_route=%2Fwp%2Fv2%2Fproduct_cat&post=72941"},{"taxonomy":"product_tag","embeddable":true,"href":"https:\/\/www.antikvariat-vodnik.si\/index.php?rest_route=%2Fwp%2Fv2%2Fproduct_tag&post=72941"}],"curies":[{"name":"wp","href":"https:\/\/api.w.org\/{rel}","templated":true}]}}