{"id":72064,"date":"2025-10-22T12:58:58","date_gmt":"2025-10-22T10:58:58","guid":{"rendered":"https:\/\/www.antikvariat-vodnik.si\/?post_type=product&#038;p=72064"},"modified":"2025-10-22T12:59:00","modified_gmt":"2025-10-22T10:59:00","slug":"das-gro%c3%9fe-bilderlexikon-der-antiquitaten","status":"publish","type":"product","link":"https:\/\/www.antikvariat-vodnik.si\/?product=das-gro%c3%9fe-bilderlexikon-der-antiquitaten","title":{"rendered":"DAS GRO\u1e9eE BILDERLEXIKON DER ANTIQUIT\u00c4TEN"},"content":{"rendered":"<p>496 str., trda vezava, \u0161\u010ditni ovitek, 22.5 cm, 1968, lepo ohranjena.<\/p>\n","protected":false},"excerpt":{"rendered":"<p>496 str., trda vezava, \u0161\u010ditni ovitek, 22.5 cm, 1968, lepo ohranjena.<\/p>\n","protected":false},"featured_media":72065,"template":"","meta":{"_monsterinsights_skip_tracking":false,"_monsterinsights_sitenote_active":false,"_monsterinsights_sitenote_note":"","_monsterinsights_sitenote_category":0},"product_brand":[],"product_cat":[17,19,16,58,24,43],"product_tag":[],"class_list":{"0":"post-72064","1":"product","2":"type-product","3":"status-publish","4":"has-post-thumbnail","6":"product_cat-antikvarne-knjige","7":"product_cat-humanistika-druzboslovje","8":"product_cat-katalog-knjig","9":"product_cat-o-umetnosti","10":"product_cat-umetnost","11":"product_cat-zgodovina-domoznanstvo","13":"first","14":"instock","15":"taxable","16":"shipping-taxable","17":"purchasable","18":"product-type-simple"},"jetpack_sharing_enabled":true,"_links":{"self":[{"href":"https:\/\/www.antikvariat-vodnik.si\/index.php?rest_route=\/wp\/v2\/product\/72064","targetHints":{"allow":["GET"]}}],"collection":[{"href":"https:\/\/www.antikvariat-vodnik.si\/index.php?rest_route=\/wp\/v2\/product"}],"about":[{"href":"https:\/\/www.antikvariat-vodnik.si\/index.php?rest_route=\/wp\/v2\/types\/product"}],"wp:featuredmedia":[{"embeddable":true,"href":"https:\/\/www.antikvariat-vodnik.si\/index.php?rest_route=\/wp\/v2\/media\/72065"}],"wp:attachment":[{"href":"https:\/\/www.antikvariat-vodnik.si\/index.php?rest_route=%2Fwp%2Fv2%2Fmedia&parent=72064"}],"wp:term":[{"taxonomy":"product_brand","embeddable":true,"href":"https:\/\/www.antikvariat-vodnik.si\/index.php?rest_route=%2Fwp%2Fv2%2Fproduct_brand&post=72064"},{"taxonomy":"product_cat","embeddable":true,"href":"https:\/\/www.antikvariat-vodnik.si\/index.php?rest_route=%2Fwp%2Fv2%2Fproduct_cat&post=72064"},{"taxonomy":"product_tag","embeddable":true,"href":"https:\/\/www.antikvariat-vodnik.si\/index.php?rest_route=%2Fwp%2Fv2%2Fproduct_tag&post=72064"}],"curies":[{"name":"wp","href":"https:\/\/api.w.org\/{rel}","templated":true}]}}