{"id":70603,"date":"2025-09-16T18:01:12","date_gmt":"2025-09-16T16:01:12","guid":{"rendered":"https:\/\/www.antikvariat-vodnik.si\/?post_type=product&#038;p=70603"},"modified":"2026-04-24T18:29:05","modified_gmt":"2026-04-24T16:29:05","slug":"nekaus-yuval-noah-harari","status":"publish","type":"product","link":"https:\/\/www.antikvariat-vodnik.si\/?product=nekaus-yuval-noah-harari","title":{"rendered":"NEKSUS, Yuval Noah Harari"},"content":{"rendered":"<p>Knjiga, ki predstavi zgodovino informacij od kamene dobe do danes, je nujno branje za vse, ki \u017eelijo razumeti, kako informa\u00adcije oblikujejo sodobnost in kako se bomo morali prilagoditi, da bi pre\u017eiveli in napredovali v dobi umetne inteligence.<\/p>\n<p><strong>O tem, kako so informacije oblikovale na\u0161 svet<\/strong><\/p>\n<p>Yuval Noah Harari preu\u010duje, kako so informacijska omre\u017eja oblikovala \u010dlove\u0161ke dru\u017ebe in kako nas danes postavljajo pred nove izzive. Avtor analizira razvoj informacijskih mre\u017e skozi zgodovino, od prvih pisnih sistemov v Mezopotamiji do sodobnih digitalnih omre\u017eij. Poudarja, kako so zgodbe, miti in ideologije omogo\u010dili mno\u017ei\u010dno sodelovanje in or\u00adganizacijo, ne glede na resni\u010dnost, hkrati pa opozarja, da lahko ta preplet informacij vodi v manipulacijo, polarizacijo in avtoritarizem.<\/p>\n<p>Avtor posebej raziskuje vzpon umetne inteligence (AI) kot novega neorganskega omre\u017eja, ki deluje avtonomno in sprejema odlo\u010ditve brez \u010dlove\u0161kega posredovanja. Opozarja na nevarnosti, kot so algoritmi\u010dna pristranskost, izguba nadzora nad odlo\u010ditvami in nastanek digitalnih imperijev, ki presegajo celo mo\u010d dr\u017eav.<\/p>\n<p>Razumljivo in prijazno besedilo prina\u0161a presek preteklosti in sedanjosti ter nas spodbuja k razmisleku o prihodnosti, v kateri bomo morali tehnolo\u0161ki napredek uskladiti z eti\u010dnimi in demokrati\u010dnimi vrednotami.<\/p>\n","protected":false},"excerpt":{"rendered":"<p>Knjiga, ki predstavi zgodovino informacij od kamene dobe do danes, je nujno branje za vse, ki \u017eelijo razumeti, kako informa\u00adcije oblikujejo sodobnost in kako se bomo morali prilagoditi, da bi pre\u017eiveli in napredovali v dobi umetne inteligence. O tem, kako so informacije oblikovale na\u0161 svet Yuval Noah Harari preu\u010duje, kako so informacijska omre\u017eja oblikovala \u010dlove\u0161ke [&hellip;]<\/p>\n","protected":false},"featured_media":70604,"template":"","meta":{"_monsterinsights_skip_tracking":false,"_monsterinsights_sitenote_active":false,"_monsterinsights_sitenote_note":"","_monsterinsights_sitenote_category":0},"product_brand":[],"product_cat":[16,93,18,38],"product_tag":[],"class_list":{"0":"post-70603","1":"product","2":"type-product","3":"status-publish","4":"has-post-thumbnail","6":"product_cat-katalog-knjig","7":"product_cat-kultura","8":"product_cat-nove-knjige","9":"product_cat-zgodovina","11":"first","12":"outofstock","13":"taxable","14":"shipping-taxable","15":"purchasable","16":"product-type-simple"},"jetpack_sharing_enabled":true,"_links":{"self":[{"href":"https:\/\/www.antikvariat-vodnik.si\/index.php?rest_route=\/wp\/v2\/product\/70603","targetHints":{"allow":["GET"]}}],"collection":[{"href":"https:\/\/www.antikvariat-vodnik.si\/index.php?rest_route=\/wp\/v2\/product"}],"about":[{"href":"https:\/\/www.antikvariat-vodnik.si\/index.php?rest_route=\/wp\/v2\/types\/product"}],"wp:featuredmedia":[{"embeddable":true,"href":"https:\/\/www.antikvariat-vodnik.si\/index.php?rest_route=\/wp\/v2\/media\/70604"}],"wp:attachment":[{"href":"https:\/\/www.antikvariat-vodnik.si\/index.php?rest_route=%2Fwp%2Fv2%2Fmedia&parent=70603"}],"wp:term":[{"taxonomy":"product_brand","embeddable":true,"href":"https:\/\/www.antikvariat-vodnik.si\/index.php?rest_route=%2Fwp%2Fv2%2Fproduct_brand&post=70603"},{"taxonomy":"product_cat","embeddable":true,"href":"https:\/\/www.antikvariat-vodnik.si\/index.php?rest_route=%2Fwp%2Fv2%2Fproduct_cat&post=70603"},{"taxonomy":"product_tag","embeddable":true,"href":"https:\/\/www.antikvariat-vodnik.si\/index.php?rest_route=%2Fwp%2Fv2%2Fproduct_tag&post=70603"}],"curies":[{"name":"wp","href":"https:\/\/api.w.org\/{rel}","templated":true}]}}