{"id":67478,"date":"2025-05-23T16:49:10","date_gmt":"2025-05-23T14:49:10","guid":{"rendered":"https:\/\/www.antikvariat-vodnik.si\/?post_type=product&#038;p=67478"},"modified":"2025-05-23T16:49:13","modified_gmt":"2025-05-23T14:49:13","slug":"rdece-lucke-miha-males-2","status":"publish","type":"product","link":"https:\/\/www.antikvariat-vodnik.si\/?product=rdece-lucke-miha-males-2","title":{"rendered":"RDE\u010cE LU\u010cKE, Miha Male\u0161"},"content":{"rendered":"<p>Bibliofilska o\u0161tevil\u010dena izdaja. Podpis avtorja. 148 strani, trda vezava, \u0161\u010ditni ovitek, 18.5 cm, Lipa, 1976, lepo ohranjena.<\/p>\n","protected":false},"excerpt":{"rendered":"<p>Bibliofilska o\u0161tevil\u010dena izdaja. Podpis avtorja. 148 strani, trda vezava, \u0161\u010ditni ovitek, 18.5 cm, Lipa, 1976, lepo ohranjena.<\/p>\n","protected":false},"featured_media":67479,"template":"","meta":{"_monsterinsights_skip_tracking":false,"_monsterinsights_sitenote_active":false,"_monsterinsights_sitenote_note":"","_monsterinsights_sitenote_category":0},"product_brand":[],"product_cat":[17,16,58,59,24],"product_tag":[],"class_list":{"0":"post-67478","1":"product","2":"type-product","3":"status-publish","4":"has-post-thumbnail","6":"product_cat-antikvarne-knjige","7":"product_cat-katalog-knjig","8":"product_cat-o-umetnosti","9":"product_cat-slikarstvo-kiparstvo-grafika","10":"product_cat-umetnost","12":"first","13":"instock","14":"taxable","15":"shipping-taxable","16":"purchasable","17":"product-type-simple"},"jetpack_sharing_enabled":true,"_links":{"self":[{"href":"https:\/\/www.antikvariat-vodnik.si\/index.php?rest_route=\/wp\/v2\/product\/67478","targetHints":{"allow":["GET"]}}],"collection":[{"href":"https:\/\/www.antikvariat-vodnik.si\/index.php?rest_route=\/wp\/v2\/product"}],"about":[{"href":"https:\/\/www.antikvariat-vodnik.si\/index.php?rest_route=\/wp\/v2\/types\/product"}],"wp:featuredmedia":[{"embeddable":true,"href":"https:\/\/www.antikvariat-vodnik.si\/index.php?rest_route=\/wp\/v2\/media\/67479"}],"wp:attachment":[{"href":"https:\/\/www.antikvariat-vodnik.si\/index.php?rest_route=%2Fwp%2Fv2%2Fmedia&parent=67478"}],"wp:term":[{"taxonomy":"product_brand","embeddable":true,"href":"https:\/\/www.antikvariat-vodnik.si\/index.php?rest_route=%2Fwp%2Fv2%2Fproduct_brand&post=67478"},{"taxonomy":"product_cat","embeddable":true,"href":"https:\/\/www.antikvariat-vodnik.si\/index.php?rest_route=%2Fwp%2Fv2%2Fproduct_cat&post=67478"},{"taxonomy":"product_tag","embeddable":true,"href":"https:\/\/www.antikvariat-vodnik.si\/index.php?rest_route=%2Fwp%2Fv2%2Fproduct_tag&post=67478"}],"curies":[{"name":"wp","href":"https:\/\/api.w.org\/{rel}","templated":true}]}}