{"id":66760,"date":"2025-05-04T12:36:53","date_gmt":"2025-05-04T10:36:53","guid":{"rendered":"https:\/\/www.antikvariat-vodnik.si\/?post_type=product&#038;p=66760"},"modified":"2025-05-04T12:37:09","modified_gmt":"2025-05-04T10:37:09","slug":"razcvet-zavesti-pogovori-o-prebujajocem-cloveku-viktorija-kos","status":"publish","type":"product","link":"https:\/\/www.antikvariat-vodnik.si\/?product=razcvet-zavesti-pogovori-o-prebujajocem-cloveku-viktorija-kos","title":{"rendered":"RAZCVET ZAVESTI; POGOVORI O PREBUJAJO\u010cEM \u010cLOVEKU, Viktorija Kos"},"content":{"rendered":"<p>232 strani, mehka vezava (s \u0161\u010ditnim ovitkom), 22 cm, samozal., 2015, lepo ohranjena.<\/p>\n","protected":false},"excerpt":{"rendered":"<p>232 strani, mehka vezava (s \u0161\u010ditnim ovitkom), 22 cm, samozal., 2015, lepo ohranjena.<\/p>\n","protected":false},"featured_media":66762,"template":"","meta":{"_monsterinsights_skip_tracking":false,"_monsterinsights_sitenote_active":false,"_monsterinsights_sitenote_note":"","_monsterinsights_sitenote_category":0},"product_brand":[],"product_cat":[17,16,51,26],"product_tag":[],"class_list":{"0":"post-66760","1":"product","2":"type-product","3":"status-publish","4":"has-post-thumbnail","6":"product_cat-antikvarne-knjige","7":"product_cat-katalog-knjig","8":"product_cat-popularna-psihologija-ezoterika","9":"product_cat-prirocniki-uporabne-vede-duhovnost","11":"first","12":"instock","13":"taxable","14":"shipping-taxable","15":"purchasable","16":"product-type-simple"},"jetpack_sharing_enabled":true,"_links":{"self":[{"href":"https:\/\/www.antikvariat-vodnik.si\/index.php?rest_route=\/wp\/v2\/product\/66760","targetHints":{"allow":["GET"]}}],"collection":[{"href":"https:\/\/www.antikvariat-vodnik.si\/index.php?rest_route=\/wp\/v2\/product"}],"about":[{"href":"https:\/\/www.antikvariat-vodnik.si\/index.php?rest_route=\/wp\/v2\/types\/product"}],"wp:featuredmedia":[{"embeddable":true,"href":"https:\/\/www.antikvariat-vodnik.si\/index.php?rest_route=\/wp\/v2\/media\/66762"}],"wp:attachment":[{"href":"https:\/\/www.antikvariat-vodnik.si\/index.php?rest_route=%2Fwp%2Fv2%2Fmedia&parent=66760"}],"wp:term":[{"taxonomy":"product_brand","embeddable":true,"href":"https:\/\/www.antikvariat-vodnik.si\/index.php?rest_route=%2Fwp%2Fv2%2Fproduct_brand&post=66760"},{"taxonomy":"product_cat","embeddable":true,"href":"https:\/\/www.antikvariat-vodnik.si\/index.php?rest_route=%2Fwp%2Fv2%2Fproduct_cat&post=66760"},{"taxonomy":"product_tag","embeddable":true,"href":"https:\/\/www.antikvariat-vodnik.si\/index.php?rest_route=%2Fwp%2Fv2%2Fproduct_tag&post=66760"}],"curies":[{"name":"wp","href":"https:\/\/api.w.org\/{rel}","templated":true}]}}