{"id":66585,"date":"2025-04-26T13:48:10","date_gmt":"2025-04-26T11:48:10","guid":{"rendered":"https:\/\/www.antikvariat-vodnik.si\/?post_type=product&#038;p=66585"},"modified":"2025-04-26T13:48:31","modified_gmt":"2025-04-26T11:48:31","slug":"duhovne-pesmi-joze-snoj","status":"publish","type":"product","link":"https:\/\/www.antikvariat-vodnik.si\/?product=duhovne-pesmi-joze-snoj","title":{"rendered":"DUHOVNE PESMI, Jo\u017ee Snoj"},"content":{"rendered":"<p>84 strani, trda vezava (s \u0161\u010ditnim ovitkom), 21.5 cm, DZS, 1993, lepo ohranjena.<\/p>\n","protected":false},"excerpt":{"rendered":"<p>84 strani, trda vezava (s \u0161\u010ditnim ovitkom), 21.5 cm, DZS, 1993, lepo ohranjena.<\/p>\n","protected":false},"featured_media":66587,"template":"","meta":{"_monsterinsights_skip_tracking":false,"_monsterinsights_sitenote_active":false,"_monsterinsights_sitenote_note":"","_monsterinsights_sitenote_category":0},"product_brand":[],"product_cat":[17,16,27,66,30],"product_tag":[],"class_list":{"0":"post-66585","1":"product","2":"type-product","3":"status-publish","4":"has-post-thumbnail","6":"product_cat-antikvarne-knjige","7":"product_cat-katalog-knjig","8":"product_cat-leposlovje","9":"product_cat-poezija","10":"product_cat-religija","12":"first","13":"instock","14":"taxable","15":"shipping-taxable","16":"purchasable","17":"product-type-simple"},"jetpack_sharing_enabled":true,"_links":{"self":[{"href":"https:\/\/www.antikvariat-vodnik.si\/index.php?rest_route=\/wp\/v2\/product\/66585","targetHints":{"allow":["GET"]}}],"collection":[{"href":"https:\/\/www.antikvariat-vodnik.si\/index.php?rest_route=\/wp\/v2\/product"}],"about":[{"href":"https:\/\/www.antikvariat-vodnik.si\/index.php?rest_route=\/wp\/v2\/types\/product"}],"wp:featuredmedia":[{"embeddable":true,"href":"https:\/\/www.antikvariat-vodnik.si\/index.php?rest_route=\/wp\/v2\/media\/66587"}],"wp:attachment":[{"href":"https:\/\/www.antikvariat-vodnik.si\/index.php?rest_route=%2Fwp%2Fv2%2Fmedia&parent=66585"}],"wp:term":[{"taxonomy":"product_brand","embeddable":true,"href":"https:\/\/www.antikvariat-vodnik.si\/index.php?rest_route=%2Fwp%2Fv2%2Fproduct_brand&post=66585"},{"taxonomy":"product_cat","embeddable":true,"href":"https:\/\/www.antikvariat-vodnik.si\/index.php?rest_route=%2Fwp%2Fv2%2Fproduct_cat&post=66585"},{"taxonomy":"product_tag","embeddable":true,"href":"https:\/\/www.antikvariat-vodnik.si\/index.php?rest_route=%2Fwp%2Fv2%2Fproduct_tag&post=66585"}],"curies":[{"name":"wp","href":"https:\/\/api.w.org\/{rel}","templated":true}]}}