{"id":64480,"date":"2025-03-08T12:36:03","date_gmt":"2025-03-08T11:36:03","guid":{"rendered":"https:\/\/www.antikvariat-vodnik.si\/?post_type=product&#038;p=64480"},"modified":"2025-03-08T12:37:05","modified_gmt":"2025-03-08T11:37:05","slug":"oziveli-obrazi-bogomir-magajna","status":"publish","type":"product","link":"https:\/\/www.antikvariat-vodnik.si\/?product=oziveli-obrazi-bogomir-magajna","title":{"rendered":"O\u017dIVELI OBRAZI, Bogomir Magajna"},"content":{"rendered":"<p>268 strani, trda vezava (s \u0161\u010ditnim ovitkom), 22 cm, Mohorjeva dru\u017eba, 2004, lepo ohranjena.<\/p>\n","protected":false},"excerpt":{"rendered":"<p>268 strani, trda vezava (s \u0161\u010ditnim ovitkom), 22 cm, Mohorjeva dru\u017eba, 2004, lepo ohranjena.<\/p>\n","protected":false},"featured_media":64482,"template":"","meta":{"_monsterinsights_skip_tracking":false,"_monsterinsights_sitenote_active":false,"_monsterinsights_sitenote_note":"","_monsterinsights_sitenote_category":0},"product_brand":[],"product_cat":[17,16,27,30,64],"product_tag":[],"class_list":{"0":"post-64480","1":"product","2":"type-product","3":"status-publish","4":"has-post-thumbnail","6":"product_cat-antikvarne-knjige","7":"product_cat-katalog-knjig","8":"product_cat-leposlovje","9":"product_cat-religija","10":"product_cat-slovenska-proza","12":"first","13":"instock","14":"taxable","15":"shipping-taxable","16":"purchasable","17":"product-type-simple"},"jetpack_sharing_enabled":true,"_links":{"self":[{"href":"https:\/\/www.antikvariat-vodnik.si\/index.php?rest_route=\/wp\/v2\/product\/64480","targetHints":{"allow":["GET"]}}],"collection":[{"href":"https:\/\/www.antikvariat-vodnik.si\/index.php?rest_route=\/wp\/v2\/product"}],"about":[{"href":"https:\/\/www.antikvariat-vodnik.si\/index.php?rest_route=\/wp\/v2\/types\/product"}],"wp:featuredmedia":[{"embeddable":true,"href":"https:\/\/www.antikvariat-vodnik.si\/index.php?rest_route=\/wp\/v2\/media\/64482"}],"wp:attachment":[{"href":"https:\/\/www.antikvariat-vodnik.si\/index.php?rest_route=%2Fwp%2Fv2%2Fmedia&parent=64480"}],"wp:term":[{"taxonomy":"product_brand","embeddable":true,"href":"https:\/\/www.antikvariat-vodnik.si\/index.php?rest_route=%2Fwp%2Fv2%2Fproduct_brand&post=64480"},{"taxonomy":"product_cat","embeddable":true,"href":"https:\/\/www.antikvariat-vodnik.si\/index.php?rest_route=%2Fwp%2Fv2%2Fproduct_cat&post=64480"},{"taxonomy":"product_tag","embeddable":true,"href":"https:\/\/www.antikvariat-vodnik.si\/index.php?rest_route=%2Fwp%2Fv2%2Fproduct_tag&post=64480"}],"curies":[{"name":"wp","href":"https:\/\/api.w.org\/{rel}","templated":true}]}}