{"id":64439,"date":"2025-03-07T11:32:51","date_gmt":"2025-03-07T10:32:51","guid":{"rendered":"https:\/\/www.antikvariat-vodnik.si\/?post_type=product&#038;p=64439"},"modified":"2025-06-19T17:34:49","modified_gmt":"2025-06-19T15:34:49","slug":"poglavarjev-scit","status":"publish","type":"product","link":"https:\/\/www.antikvariat-vodnik.si\/?product=poglavarjev-scit","title":{"rendered":"POGLAVARJEV \u0160\u010cIT"},"content":{"rendered":"<p>Asterix se vra\u010da! Vra\u010da se z zgodbo, napeto kot fra\u010da.<\/p>\n<p>V novi Asterixovi dogodiv\u0161\u010dini vsi vztrajno i\u0161\u010dejo poglavarjev \u0161\u010dit. To je \u0161\u010dit, ki ga je en izmed galskih poglavarjev polo\u017eil pred noge Juliju Cezarju v znak, da se predaja (priznajmo, da pri tem ni bil ravno ne\u017een). Rimljani so si tako podredili Galijo. Toda Asterix, Obelix in njuni galski prijatelji se ne dajo kar tako! Vsi po vrsti \u2013 Galci in Rimljani \u2013 i\u0161\u010dejo izgubljeni \u0161\u010dit, ki ni le mit. Cezar \u017eeli z njim prirediti veli\u010dasten triumf in s tem Galcem pokazati kdo je gospodar. Hja, Asterix in Obelix se z njim seveda \u2013 milo re\u010deno \u2013 ne strinjata in bosta storila vse, da bosta prehitela Rimljane pri iskanju \u0161\u010dita. Kdo upa re\u010di, da jima ne bo uspelo?<\/p>\n<p>In seveda: kdor se zadnji smeje \u2026 je prebral novega Asterixa!<\/p>\n","protected":false},"excerpt":{"rendered":"<p>Asterix se vra\u010da! Vra\u010da se z zgodbo, napeto kot fra\u010da. V novi Asterixovi dogodiv\u0161\u010dini vsi vztrajno i\u0161\u010dejo poglavarjev \u0161\u010dit. To je \u0161\u010dit, ki ga je en izmed galskih poglavarjev polo\u017eil pred noge Juliju Cezarju v znak, da se predaja (priznajmo, da pri tem ni bil ravno ne\u017een). Rimljani so si tako podredili Galijo. Toda Asterix, [&hellip;]<\/p>\n","protected":false},"featured_media":64440,"template":"","meta":{"_monsterinsights_skip_tracking":false,"_monsterinsights_sitenote_active":false,"_monsterinsights_sitenote_note":"","_monsterinsights_sitenote_category":0},"product_brand":[],"product_cat":[16,18,107],"product_tag":[],"class_list":{"0":"post-64439","1":"product","2":"type-product","3":"status-publish","4":"has-post-thumbnail","6":"product_cat-katalog-knjig","7":"product_cat-nove-knjige","8":"product_cat-stripi","10":"first","11":"outofstock","12":"taxable","13":"shipping-taxable","14":"purchasable","15":"product-type-simple"},"jetpack_sharing_enabled":true,"_links":{"self":[{"href":"https:\/\/www.antikvariat-vodnik.si\/index.php?rest_route=\/wp\/v2\/product\/64439","targetHints":{"allow":["GET"]}}],"collection":[{"href":"https:\/\/www.antikvariat-vodnik.si\/index.php?rest_route=\/wp\/v2\/product"}],"about":[{"href":"https:\/\/www.antikvariat-vodnik.si\/index.php?rest_route=\/wp\/v2\/types\/product"}],"wp:featuredmedia":[{"embeddable":true,"href":"https:\/\/www.antikvariat-vodnik.si\/index.php?rest_route=\/wp\/v2\/media\/64440"}],"wp:attachment":[{"href":"https:\/\/www.antikvariat-vodnik.si\/index.php?rest_route=%2Fwp%2Fv2%2Fmedia&parent=64439"}],"wp:term":[{"taxonomy":"product_brand","embeddable":true,"href":"https:\/\/www.antikvariat-vodnik.si\/index.php?rest_route=%2Fwp%2Fv2%2Fproduct_brand&post=64439"},{"taxonomy":"product_cat","embeddable":true,"href":"https:\/\/www.antikvariat-vodnik.si\/index.php?rest_route=%2Fwp%2Fv2%2Fproduct_cat&post=64439"},{"taxonomy":"product_tag","embeddable":true,"href":"https:\/\/www.antikvariat-vodnik.si\/index.php?rest_route=%2Fwp%2Fv2%2Fproduct_tag&post=64439"}],"curies":[{"name":"wp","href":"https:\/\/api.w.org\/{rel}","templated":true}]}}