{"id":57546,"date":"2024-08-19T17:58:09","date_gmt":"2024-08-19T15:58:09","guid":{"rendered":"https:\/\/www.antikvariat-vodnik.si\/?post_type=product&#038;p=57546"},"modified":"2024-09-27T18:25:49","modified_gmt":"2024-09-27T16:25:49","slug":"atlas-verstev-sveta-vizualna-zgodovina-nasih-najvecjih-veroizpovedi","status":"publish","type":"product","link":"https:\/\/www.antikvariat-vodnik.si\/?product=atlas-verstev-sveta-vizualna-zgodovina-nasih-najvecjih-veroizpovedi","title":{"rendered":"ATLAS VERSTEV SVETA; VIZUALNA ZGODOVINA NA\u0160IH NAJVE\u010cJIH VEROIZPOVEDI"},"content":{"rendered":"<p>392 strani, trda vezava, 22,5 cm, Pre\u0161ernova dru\u017eba, 2011, lepo ohranjena.<\/p>\n","protected":false},"excerpt":{"rendered":"<p>392 strani, trda vezava, 22,5 cm, Pre\u0161ernova dru\u017eba, 2011, lepo ohranjena.<\/p>\n","protected":false},"featured_media":57548,"template":"","meta":{"_monsterinsights_skip_tracking":false,"_monsterinsights_sitenote_active":false,"_monsterinsights_sitenote_note":"","_monsterinsights_sitenote_category":0},"product_brand":[],"product_cat":[17,16,30],"product_tag":[],"class_list":{"0":"post-57546","1":"product","2":"type-product","3":"status-publish","4":"has-post-thumbnail","6":"product_cat-antikvarne-knjige","7":"product_cat-katalog-knjig","8":"product_cat-religija","10":"first","11":"instock","12":"taxable","13":"shipping-taxable","14":"purchasable","15":"product-type-simple"},"jetpack_sharing_enabled":true,"_links":{"self":[{"href":"https:\/\/www.antikvariat-vodnik.si\/index.php?rest_route=\/wp\/v2\/product\/57546","targetHints":{"allow":["GET"]}}],"collection":[{"href":"https:\/\/www.antikvariat-vodnik.si\/index.php?rest_route=\/wp\/v2\/product"}],"about":[{"href":"https:\/\/www.antikvariat-vodnik.si\/index.php?rest_route=\/wp\/v2\/types\/product"}],"wp:featuredmedia":[{"embeddable":true,"href":"https:\/\/www.antikvariat-vodnik.si\/index.php?rest_route=\/wp\/v2\/media\/57548"}],"wp:attachment":[{"href":"https:\/\/www.antikvariat-vodnik.si\/index.php?rest_route=%2Fwp%2Fv2%2Fmedia&parent=57546"}],"wp:term":[{"taxonomy":"product_brand","embeddable":true,"href":"https:\/\/www.antikvariat-vodnik.si\/index.php?rest_route=%2Fwp%2Fv2%2Fproduct_brand&post=57546"},{"taxonomy":"product_cat","embeddable":true,"href":"https:\/\/www.antikvariat-vodnik.si\/index.php?rest_route=%2Fwp%2Fv2%2Fproduct_cat&post=57546"},{"taxonomy":"product_tag","embeddable":true,"href":"https:\/\/www.antikvariat-vodnik.si\/index.php?rest_route=%2Fwp%2Fv2%2Fproduct_tag&post=57546"}],"curies":[{"name":"wp","href":"https:\/\/api.w.org\/{rel}","templated":true}]}}