{"id":5725,"date":"2021-01-28T12:29:16","date_gmt":"2021-01-28T11:29:16","guid":{"rendered":"https:\/\/www.antikvariat-vodnik.si\/?post_type=product&#038;p=5725"},"modified":"2021-01-28T12:30:27","modified_gmt":"2021-01-28T11:30:27","slug":"francisco-pizzaro-blisc-in-beda-konkvistatorja","status":"publish","type":"product","link":"https:\/\/www.antikvariat-vodnik.si\/?product=francisco-pizzaro-blisc-in-beda-konkvistatorja","title":{"rendered":"FRANCISCO PIZZARO, BLI\u0160\u010c IN BEDA KONKVISTADORJA"},"content":{"rendered":"<p>400 strani, trda vezava in \u0161\u010ditni ovitek, 21 cm, Zalo\u017eba Obzorja 1987, prevod Franc \u0160rimpf, knjiga je kot nova<\/p>\n","protected":false},"excerpt":{"rendered":"<p>400 strani, trda vezava in \u0161\u010ditni ovitek, 21 cm, Zalo\u017eba Obzorja 1987, prevod Franc \u0160rimpf, knjiga je kot nova<\/p>\n","protected":false},"featured_media":5649,"template":"","meta":{"_monsterinsights_skip_tracking":false,"_monsterinsights_sitenote_active":false,"_monsterinsights_sitenote_note":"","_monsterinsights_sitenote_category":0},"product_brand":[],"product_cat":[17,16,27,65],"product_tag":[],"class_list":{"0":"post-5725","1":"product","2":"type-product","3":"status-publish","4":"has-post-thumbnail","6":"product_cat-antikvarne-knjige","7":"product_cat-katalog-knjig","8":"product_cat-leposlovje","9":"product_cat-proza-tuji-avtorji","11":"first","12":"instock","13":"taxable","14":"shipping-taxable","15":"purchasable","16":"product-type-simple"},"jetpack_sharing_enabled":true,"_links":{"self":[{"href":"https:\/\/www.antikvariat-vodnik.si\/index.php?rest_route=\/wp\/v2\/product\/5725","targetHints":{"allow":["GET"]}}],"collection":[{"href":"https:\/\/www.antikvariat-vodnik.si\/index.php?rest_route=\/wp\/v2\/product"}],"about":[{"href":"https:\/\/www.antikvariat-vodnik.si\/index.php?rest_route=\/wp\/v2\/types\/product"}],"wp:featuredmedia":[{"embeddable":true,"href":"https:\/\/www.antikvariat-vodnik.si\/index.php?rest_route=\/wp\/v2\/media\/5649"}],"wp:attachment":[{"href":"https:\/\/www.antikvariat-vodnik.si\/index.php?rest_route=%2Fwp%2Fv2%2Fmedia&parent=5725"}],"wp:term":[{"taxonomy":"product_brand","embeddable":true,"href":"https:\/\/www.antikvariat-vodnik.si\/index.php?rest_route=%2Fwp%2Fv2%2Fproduct_brand&post=5725"},{"taxonomy":"product_cat","embeddable":true,"href":"https:\/\/www.antikvariat-vodnik.si\/index.php?rest_route=%2Fwp%2Fv2%2Fproduct_cat&post=5725"},{"taxonomy":"product_tag","embeddable":true,"href":"https:\/\/www.antikvariat-vodnik.si\/index.php?rest_route=%2Fwp%2Fv2%2Fproduct_tag&post=5725"}],"curies":[{"name":"wp","href":"https:\/\/api.w.org\/{rel}","templated":true}]}}