{"id":55100,"date":"2024-06-19T17:04:13","date_gmt":"2024-06-19T15:04:13","guid":{"rendered":"https:\/\/www.antikvariat-vodnik.si\/?post_type=product&#038;p=55100"},"modified":"2025-12-09T17:18:55","modified_gmt":"2025-12-09T16:18:55","slug":"ljudski-zdravnik-koristni-nasveti-za-zdravje-alfred-vogel","status":"publish","type":"product","link":"https:\/\/www.antikvariat-vodnik.si\/?product=ljudski-zdravnik-koristni-nasveti-za-zdravje-alfred-vogel","title":{"rendered":"Ljudski zdravnik; Koristni nasveti za zdravje, Alfred Vogel"},"content":{"rendered":"<p>Delo <strong>Alfreda Vogla,<\/strong> enega najpomembnej\u0161ih \u0161vicarskih pionirjev naravnega zdravljenja, je zakladnica nasvetov in naravnih re\u0161itev, ki zrcalijo njegove izku\u0161nje in preplet znanj, ki jih je pridobival po vsem svetu. <strong>Alfred Vogel je z najve\u010djo strastjo in vedo\u017eeljnostjo sledil modrostim starodavnih domorodnih ljudstev in ta znanja ponesel nazaj v rodno \u0160vico. O tem je pisal, predaval, predvsem pa vse to preizku\u0161al in razvijal zdravila in mnoge druge izdelke.<\/strong><\/p>\n<p>V podjetju A.Vogel AG, ki je zapu\u0161\u010dina Alfreda Vogla, \u0161e danes izdelujejo zdravila po njegovih izvirnih recepturah. Njihova posebnost je v tem, da so narejena iz sve\u017eih, ekolo\u0161ko vzgojenih rastlin. Morda tudi sami poznate ali uporabljate katero od njih (npr. Echinaforce, Prostasan \u2026).<\/p>\n<hr \/>\n<p><strong>Knjiga <\/strong><em><strong>Ljudski zdravnik<\/strong><\/em><strong> je bila dolga leta na voljo le v okrnjeni razli\u010dici, saj cenzura v prej\u0161njem sistemu ni dovolila objave vseh poglavij.<\/strong> Zato ne spreglejte sedaj celovite knjige, ki resni\u010dno sodi v vsak dom in je dota tudi za prihodnje rodove.<strong> Skoraj 700 strani preizku\u0161enih nasvetov in napotkov z obse\u017enim kazalom in veliko fotografijami je dragocen popotnik za vso dru\u017eino!<\/strong><\/p>\n<p><strong>O AVTORJU:<\/strong><\/p>\n<p><strong>Alfred Vogel<\/strong> (1902 \u2013 1996) je bil eden najpomembnej\u0161ih \u0161vicarskih pionirjev naravnega zdravljenja. Svoje raziskave in izku\u0161nje na podro\u010dju uporabe zdravilnih rastlin ter zdravega prehranjevanja je vseskozi \u0161iril s pomo\u010djo publikacij in mnogih predavanj. Knjige in njegov mese\u010dnik \u201cA.Vogel Gesundheits-Nachrichten\u201d, za katerega je osebno skrbel prakti\u010dno 50 let, so dosegli tako doma kot v svetu \u0161tevilne in obse\u017ene izdaje. Na tak\u0161en na\u010din je raz\u0161iril svoje poglede o zdravem na\u010dinu \u017eivljenja, prehrani, preventivi, naravnih terapijah in celostni medicini.<\/p>\n","protected":false},"excerpt":{"rendered":"<p>Delo Alfreda Vogla, enega najpomembnej\u0161ih \u0161vicarskih pionirjev naravnega zdravljenja, je zakladnica nasvetov in naravnih re\u0161itev, ki zrcalijo njegove izku\u0161nje in preplet znanj, ki jih je pridobival po vsem svetu. Alfred Vogel je z najve\u010djo strastjo in vedo\u017eeljnostjo sledil modrostim starodavnih domorodnih ljudstev in ta znanja ponesel nazaj v rodno \u0160vico. O tem je pisal, predaval, [&hellip;]<\/p>\n","protected":false},"featured_media":55101,"template":"","meta":{"_monsterinsights_skip_tracking":false,"_monsterinsights_sitenote_active":false,"_monsterinsights_sitenote_note":"","_monsterinsights_sitenote_category":0},"product_brand":[],"product_cat":[16,18,41],"product_tag":[],"class_list":{"0":"post-55100","1":"product","2":"type-product","3":"status-publish","4":"has-post-thumbnail","6":"product_cat-katalog-knjig","7":"product_cat-nove-knjige","8":"product_cat-zdravje-kulinarika","10":"first","11":"instock","12":"taxable","13":"shipping-taxable","14":"purchasable","15":"product-type-simple"},"jetpack_sharing_enabled":true,"_links":{"self":[{"href":"https:\/\/www.antikvariat-vodnik.si\/index.php?rest_route=\/wp\/v2\/product\/55100","targetHints":{"allow":["GET"]}}],"collection":[{"href":"https:\/\/www.antikvariat-vodnik.si\/index.php?rest_route=\/wp\/v2\/product"}],"about":[{"href":"https:\/\/www.antikvariat-vodnik.si\/index.php?rest_route=\/wp\/v2\/types\/product"}],"wp:featuredmedia":[{"embeddable":true,"href":"https:\/\/www.antikvariat-vodnik.si\/index.php?rest_route=\/wp\/v2\/media\/55101"}],"wp:attachment":[{"href":"https:\/\/www.antikvariat-vodnik.si\/index.php?rest_route=%2Fwp%2Fv2%2Fmedia&parent=55100"}],"wp:term":[{"taxonomy":"product_brand","embeddable":true,"href":"https:\/\/www.antikvariat-vodnik.si\/index.php?rest_route=%2Fwp%2Fv2%2Fproduct_brand&post=55100"},{"taxonomy":"product_cat","embeddable":true,"href":"https:\/\/www.antikvariat-vodnik.si\/index.php?rest_route=%2Fwp%2Fv2%2Fproduct_cat&post=55100"},{"taxonomy":"product_tag","embeddable":true,"href":"https:\/\/www.antikvariat-vodnik.si\/index.php?rest_route=%2Fwp%2Fv2%2Fproduct_tag&post=55100"}],"curies":[{"name":"wp","href":"https:\/\/api.w.org\/{rel}","templated":true}]}}