{"id":53546,"date":"2024-04-28T16:11:05","date_gmt":"2024-04-28T14:11:05","guid":{"rendered":"https:\/\/www.antikvariat-vodnik.si\/?post_type=product&#038;p=53546"},"modified":"2024-08-01T15:10:43","modified_gmt":"2024-08-01T13:10:43","slug":"terska-dolina-alta-val-torre-val-de-tor-vec-avtorjev","status":"publish","type":"product","link":"https:\/\/www.antikvariat-vodnik.si\/?product=terska-dolina-alta-val-torre-val-de-tor-vec-avtorjev","title":{"rendered":"TERSKA DOLINA; ALTA VAL TORRE; VAL DE TOR, ve\u010d avtorjev"},"content":{"rendered":"<p>mehka vezava, 23 cm, Gori\u0161ka Mohorjeva dru\u017eba, 2006, lepo ohranjena.<\/p>\n","protected":false},"excerpt":{"rendered":"<p>mehka vezava, 23 cm, Gori\u0161ka Mohorjeva dru\u017eba, 2006, lepo ohranjena.<\/p>\n","protected":false},"featured_media":53548,"template":"","meta":{"_monsterinsights_skip_tracking":false,"_monsterinsights_sitenote_active":false,"_monsterinsights_sitenote_note":"","_monsterinsights_sitenote_category":0},"product_brand":[],"product_cat":[17,48,19,72,16,28,95,43],"product_tag":[],"class_list":{"0":"post-53546","1":"product","2":"type-product","3":"status-publish","4":"has-post-thumbnail","6":"product_cat-antikvarne-knjige","7":"product_cat-geografija-arheologija","8":"product_cat-humanistika-druzboslovje","9":"product_cat-italijanski-jezik","10":"product_cat-katalog-knjig","11":"product_cat-knjige-v-tujih-jezikih","12":"product_cat-kultura-humanistika-druzboslovje","13":"product_cat-zgodovina-domoznanstvo","15":"first","16":"instock","17":"taxable","18":"shipping-taxable","19":"purchasable","20":"product-type-simple"},"jetpack_sharing_enabled":true,"_links":{"self":[{"href":"https:\/\/www.antikvariat-vodnik.si\/index.php?rest_route=\/wp\/v2\/product\/53546","targetHints":{"allow":["GET"]}}],"collection":[{"href":"https:\/\/www.antikvariat-vodnik.si\/index.php?rest_route=\/wp\/v2\/product"}],"about":[{"href":"https:\/\/www.antikvariat-vodnik.si\/index.php?rest_route=\/wp\/v2\/types\/product"}],"wp:featuredmedia":[{"embeddable":true,"href":"https:\/\/www.antikvariat-vodnik.si\/index.php?rest_route=\/wp\/v2\/media\/53548"}],"wp:attachment":[{"href":"https:\/\/www.antikvariat-vodnik.si\/index.php?rest_route=%2Fwp%2Fv2%2Fmedia&parent=53546"}],"wp:term":[{"taxonomy":"product_brand","embeddable":true,"href":"https:\/\/www.antikvariat-vodnik.si\/index.php?rest_route=%2Fwp%2Fv2%2Fproduct_brand&post=53546"},{"taxonomy":"product_cat","embeddable":true,"href":"https:\/\/www.antikvariat-vodnik.si\/index.php?rest_route=%2Fwp%2Fv2%2Fproduct_cat&post=53546"},{"taxonomy":"product_tag","embeddable":true,"href":"https:\/\/www.antikvariat-vodnik.si\/index.php?rest_route=%2Fwp%2Fv2%2Fproduct_tag&post=53546"}],"curies":[{"name":"wp","href":"https:\/\/api.w.org\/{rel}","templated":true}]}}