{"id":53347,"date":"2024-04-23T16:31:29","date_gmt":"2024-04-23T14:31:29","guid":{"rendered":"https:\/\/www.antikvariat-vodnik.si\/?post_type=product&#038;p=53347"},"modified":"2024-10-30T17:16:05","modified_gmt":"2024-10-30T16:16:05","slug":"prirocnik-elementarne-fizike-n-i-koskin-in-m-g-sirkevic","status":"publish","type":"product","link":"https:\/\/www.antikvariat-vodnik.si\/?product=prirocnik-elementarne-fizike-n-i-koskin-in-m-g-sirkevic","title":{"rendered":"PRIRO\u010cNIK ELEMENTARNE FIZIKE, N. I. Ko\u0161kin in M. G. \u0160irkevi\u010d"},"content":{"rendered":"<p>248 strani, trda vezava, 17.5 cm, \u017dT, 1967, lepo ohranjena.<\/p>\n","protected":false},"excerpt":{"rendered":"<p>248 strani, trda vezava, 17.5 cm, \u017dT, 1967, lepo ohranjena.<\/p>\n","protected":false},"featured_media":53348,"template":"","meta":{"_monsterinsights_skip_tracking":false,"_monsterinsights_sitenote_active":false,"_monsterinsights_sitenote_note":"","_monsterinsights_sitenote_category":0},"product_brand":[],"product_cat":[17,16,56,25,57],"product_tag":[],"class_list":{"0":"post-53347","1":"product","2":"type-product","3":"status-publish","4":"has-post-thumbnail","6":"product_cat-antikvarne-knjige","7":"product_cat-katalog-knjig","8":"product_cat-matematika-fizika-kemija-geologija-biologija","9":"product_cat-naravoslovje-medicina-tehnika","10":"product_cat-tehnika","12":"first","13":"instock","14":"taxable","15":"shipping-taxable","16":"purchasable","17":"product-type-simple"},"jetpack_sharing_enabled":true,"_links":{"self":[{"href":"https:\/\/www.antikvariat-vodnik.si\/index.php?rest_route=\/wp\/v2\/product\/53347","targetHints":{"allow":["GET"]}}],"collection":[{"href":"https:\/\/www.antikvariat-vodnik.si\/index.php?rest_route=\/wp\/v2\/product"}],"about":[{"href":"https:\/\/www.antikvariat-vodnik.si\/index.php?rest_route=\/wp\/v2\/types\/product"}],"wp:featuredmedia":[{"embeddable":true,"href":"https:\/\/www.antikvariat-vodnik.si\/index.php?rest_route=\/wp\/v2\/media\/53348"}],"wp:attachment":[{"href":"https:\/\/www.antikvariat-vodnik.si\/index.php?rest_route=%2Fwp%2Fv2%2Fmedia&parent=53347"}],"wp:term":[{"taxonomy":"product_brand","embeddable":true,"href":"https:\/\/www.antikvariat-vodnik.si\/index.php?rest_route=%2Fwp%2Fv2%2Fproduct_brand&post=53347"},{"taxonomy":"product_cat","embeddable":true,"href":"https:\/\/www.antikvariat-vodnik.si\/index.php?rest_route=%2Fwp%2Fv2%2Fproduct_cat&post=53347"},{"taxonomy":"product_tag","embeddable":true,"href":"https:\/\/www.antikvariat-vodnik.si\/index.php?rest_route=%2Fwp%2Fv2%2Fproduct_tag&post=53347"}],"curies":[{"name":"wp","href":"https:\/\/api.w.org\/{rel}","templated":true}]}}