{"id":53127,"date":"2024-04-20T13:24:49","date_gmt":"2024-04-20T11:24:49","guid":{"rendered":"https:\/\/www.antikvariat-vodnik.si\/?post_type=product&#038;p=53127"},"modified":"2024-04-20T13:25:08","modified_gmt":"2024-04-20T11:25:08","slug":"yu3drl-9n1yu-mount-everest-sagarmatha-marijan-kriselj","status":"publish","type":"product","link":"https:\/\/www.antikvariat-vodnik.si\/?product=yu3drl-9n1yu-mount-everest-sagarmatha-marijan-kriselj","title":{"rendered":"YU3DRL-9N1YU; MOUNT EVEREST; SAGARMATHA, Marijan Kri\u0161elj"},"content":{"rendered":"<p>112 strani, trda vezava (s \u0161\u010ditnim ovitkom), 21,5 cm, Obzorja Maribor, 1979, lepo ohranjena.<\/p>\n","protected":false},"excerpt":{"rendered":"<p>112 strani, trda vezava (s \u0161\u010ditnim ovitkom), 21,5 cm, Obzorja Maribor, 1979, lepo ohranjena.<\/p>\n","protected":false},"featured_media":53129,"template":"","meta":{"_monsterinsights_skip_tracking":false,"_monsterinsights_sitenote_active":false,"_monsterinsights_sitenote_note":"","_monsterinsights_sitenote_category":0},"product_brand":[],"product_cat":[17,48,19,16,26,55],"product_tag":[],"class_list":{"0":"post-53127","1":"product","2":"type-product","3":"status-publish","4":"has-post-thumbnail","6":"product_cat-antikvarne-knjige","7":"product_cat-geografija-arheologija","8":"product_cat-humanistika-druzboslovje","9":"product_cat-katalog-knjig","10":"product_cat-prirocniki-uporabne-vede-duhovnost","11":"product_cat-turizem-gornistvo-alpinizem","13":"first","14":"instock","15":"taxable","16":"shipping-taxable","17":"purchasable","18":"product-type-simple"},"jetpack_sharing_enabled":true,"_links":{"self":[{"href":"https:\/\/www.antikvariat-vodnik.si\/index.php?rest_route=\/wp\/v2\/product\/53127","targetHints":{"allow":["GET"]}}],"collection":[{"href":"https:\/\/www.antikvariat-vodnik.si\/index.php?rest_route=\/wp\/v2\/product"}],"about":[{"href":"https:\/\/www.antikvariat-vodnik.si\/index.php?rest_route=\/wp\/v2\/types\/product"}],"wp:featuredmedia":[{"embeddable":true,"href":"https:\/\/www.antikvariat-vodnik.si\/index.php?rest_route=\/wp\/v2\/media\/53129"}],"wp:attachment":[{"href":"https:\/\/www.antikvariat-vodnik.si\/index.php?rest_route=%2Fwp%2Fv2%2Fmedia&parent=53127"}],"wp:term":[{"taxonomy":"product_brand","embeddable":true,"href":"https:\/\/www.antikvariat-vodnik.si\/index.php?rest_route=%2Fwp%2Fv2%2Fproduct_brand&post=53127"},{"taxonomy":"product_cat","embeddable":true,"href":"https:\/\/www.antikvariat-vodnik.si\/index.php?rest_route=%2Fwp%2Fv2%2Fproduct_cat&post=53127"},{"taxonomy":"product_tag","embeddable":true,"href":"https:\/\/www.antikvariat-vodnik.si\/index.php?rest_route=%2Fwp%2Fv2%2Fproduct_tag&post=53127"}],"curies":[{"name":"wp","href":"https:\/\/api.w.org\/{rel}","templated":true}]}}