{"id":53010,"date":"2024-04-18T16:45:30","date_gmt":"2024-04-18T14:45:30","guid":{"rendered":"https:\/\/www.antikvariat-vodnik.si\/?post_type=product&#038;p=53010"},"modified":"2026-04-07T19:32:50","modified_gmt":"2026-04-07T17:32:50","slug":"zmajeva-hisa-oris-kitajske-kulture-in-civilizacije-jana-rosker","status":"publish","type":"product","link":"https:\/\/www.antikvariat-vodnik.si\/?product=zmajeva-hisa-oris-kitajske-kulture-in-civilizacije-jana-rosker","title":{"rendered":"ZMAJEVA HI\u0160A; ORIS KITAJSKE KULTURE IN CIVILIZACIJE, Jana Ro\u0161ker"},"content":{"rendered":"<p>264 strani, trda vezava, 23.5 cm, Cankarjeva zalo\u017eba, 1992, lepo ohranjena.<\/p>\n","protected":false},"excerpt":{"rendered":"<p>264 strani, trda vezava, 23.5 cm, Cankarjeva zalo\u017eba, 1992, lepo ohranjena.<\/p>\n","protected":false},"featured_media":53011,"template":"","meta":{"_monsterinsights_skip_tracking":false,"_monsterinsights_sitenote_active":false,"_monsterinsights_sitenote_note":"","_monsterinsights_sitenote_category":0},"product_brand":[],"product_cat":[17,45,19,16,95,43],"product_tag":[],"class_list":{"0":"post-53010","1":"product","2":"type-product","3":"status-publish","4":"has-post-thumbnail","6":"product_cat-antikvarne-knjige","7":"product_cat-etnologija-antropologija","8":"product_cat-humanistika-druzboslovje","9":"product_cat-katalog-knjig","10":"product_cat-kultura-humanistika-druzboslovje","11":"product_cat-zgodovina-domoznanstvo","13":"first","14":"instock","15":"taxable","16":"shipping-taxable","17":"purchasable","18":"product-type-simple"},"jetpack_sharing_enabled":true,"_links":{"self":[{"href":"https:\/\/www.antikvariat-vodnik.si\/index.php?rest_route=\/wp\/v2\/product\/53010","targetHints":{"allow":["GET"]}}],"collection":[{"href":"https:\/\/www.antikvariat-vodnik.si\/index.php?rest_route=\/wp\/v2\/product"}],"about":[{"href":"https:\/\/www.antikvariat-vodnik.si\/index.php?rest_route=\/wp\/v2\/types\/product"}],"wp:featuredmedia":[{"embeddable":true,"href":"https:\/\/www.antikvariat-vodnik.si\/index.php?rest_route=\/wp\/v2\/media\/53011"}],"wp:attachment":[{"href":"https:\/\/www.antikvariat-vodnik.si\/index.php?rest_route=%2Fwp%2Fv2%2Fmedia&parent=53010"}],"wp:term":[{"taxonomy":"product_brand","embeddable":true,"href":"https:\/\/www.antikvariat-vodnik.si\/index.php?rest_route=%2Fwp%2Fv2%2Fproduct_brand&post=53010"},{"taxonomy":"product_cat","embeddable":true,"href":"https:\/\/www.antikvariat-vodnik.si\/index.php?rest_route=%2Fwp%2Fv2%2Fproduct_cat&post=53010"},{"taxonomy":"product_tag","embeddable":true,"href":"https:\/\/www.antikvariat-vodnik.si\/index.php?rest_route=%2Fwp%2Fv2%2Fproduct_tag&post=53010"}],"curies":[{"name":"wp","href":"https:\/\/api.w.org\/{rel}","templated":true}]}}