{"id":52784,"date":"2024-04-10T11:59:05","date_gmt":"2024-04-10T09:59:05","guid":{"rendered":"https:\/\/www.antikvariat-vodnik.si\/?post_type=product&#038;p=52784"},"modified":"2025-11-14T17:45:10","modified_gmt":"2025-11-14T16:45:10","slug":"male-zenske-louisa-may-alcott","status":"publish","type":"product","link":"https:\/\/www.antikvariat-vodnik.si\/?product=male-zenske-louisa-may-alcott","title":{"rendered":"MALE \u017dENSKE, Louisa May Alcott"},"content":{"rendered":"<p>Spoznaj <strong>\u0161tiri<\/strong> vrla <strong>dekleta<\/strong> Meg, Jo, Beth in Amy March.<\/p>\n<p>Njihovo \u017eivljenje ni lahko, saj ob o\u010detovi odsotnosti mati komaj zmore pre\u017eivljati dru\u017eino.<\/p>\n<p>A dobrota, prijateljstvo, vedrina in optimizem jim pomagajo prebroditi te\u017eave in odrasti v zadovoljne <strong>majhne \u017eenske<\/strong>.<\/p>\n","protected":false},"excerpt":{"rendered":"<p>Spoznaj \u0161tiri vrla dekleta Meg, Jo, Beth in Amy March. Njihovo \u017eivljenje ni lahko, saj ob o\u010detovi odsotnosti mati komaj zmore pre\u017eivljati dru\u017eino. A dobrota, prijateljstvo, vedrina in optimizem jim pomagajo prebroditi te\u017eave in odrasti v zadovoljne majhne \u017eenske.<\/p>\n","protected":false},"featured_media":52785,"template":"","meta":{"_monsterinsights_skip_tracking":false,"_monsterinsights_sitenote_active":false,"_monsterinsights_sitenote_note":"","_monsterinsights_sitenote_category":0},"product_brand":[],"product_cat":[16,18,40],"product_tag":[],"class_list":{"0":"post-52784","1":"product","2":"type-product","3":"status-publish","4":"has-post-thumbnail","6":"product_cat-katalog-knjig","7":"product_cat-nove-knjige","8":"product_cat-otroska-mladinska-literatura","10":"first","11":"instock","12":"sale","13":"taxable","14":"shipping-taxable","15":"purchasable","16":"product-type-simple"},"jetpack_sharing_enabled":true,"_links":{"self":[{"href":"https:\/\/www.antikvariat-vodnik.si\/index.php?rest_route=\/wp\/v2\/product\/52784","targetHints":{"allow":["GET"]}}],"collection":[{"href":"https:\/\/www.antikvariat-vodnik.si\/index.php?rest_route=\/wp\/v2\/product"}],"about":[{"href":"https:\/\/www.antikvariat-vodnik.si\/index.php?rest_route=\/wp\/v2\/types\/product"}],"wp:featuredmedia":[{"embeddable":true,"href":"https:\/\/www.antikvariat-vodnik.si\/index.php?rest_route=\/wp\/v2\/media\/52785"}],"wp:attachment":[{"href":"https:\/\/www.antikvariat-vodnik.si\/index.php?rest_route=%2Fwp%2Fv2%2Fmedia&parent=52784"}],"wp:term":[{"taxonomy":"product_brand","embeddable":true,"href":"https:\/\/www.antikvariat-vodnik.si\/index.php?rest_route=%2Fwp%2Fv2%2Fproduct_brand&post=52784"},{"taxonomy":"product_cat","embeddable":true,"href":"https:\/\/www.antikvariat-vodnik.si\/index.php?rest_route=%2Fwp%2Fv2%2Fproduct_cat&post=52784"},{"taxonomy":"product_tag","embeddable":true,"href":"https:\/\/www.antikvariat-vodnik.si\/index.php?rest_route=%2Fwp%2Fv2%2Fproduct_tag&post=52784"}],"curies":[{"name":"wp","href":"https:\/\/api.w.org\/{rel}","templated":true}]}}