{"id":47844,"date":"2023-11-28T17:19:02","date_gmt":"2023-11-28T16:19:02","guid":{"rendered":"https:\/\/www.antikvariat-vodnik.si\/?post_type=product&#038;p=47844"},"modified":"2023-11-28T17:19:50","modified_gmt":"2023-11-28T16:19:50","slug":"za-ocetom-trda-vezava-miki-muster","status":"publish","type":"product","link":"https:\/\/www.antikvariat-vodnik.si\/?product=za-ocetom-trda-vezava-miki-muster","title":{"rendered":"ZA O\u010cETOM \u2013 TRDA VEZAVA, Miki Muster"},"content":{"rendered":"<h5><strong>Janez Trnovc, Miki Muster: Za o\u010detom<\/strong><\/h5>\n<p>Poleg klasi\u010dnih stripov je Miki Mus\u00adter naredil nekaj stripovskih adaptacij literature, pri katerih je bila sopostavitev podobe in besedila nekoliko druga\u010dna kot obi\u010dajno: zgoraj je bila risbica, pod njo pa besedilo, ki jo je dopolnjevalo in\/ali komentiralo. Kot nekak\u0161na \u00bbvintage\u00ab izdaja je zdaj znova iz\u0161el strip\u00a0<em>Za o\u010detom, katerega<\/em>\u00a0je zrisal po predlogi Janeza Trnovca, v knji\u017eni obliki pa je bil prvi\u010d objavljen leta 1956. Zgodba nas odpelje v Ju\u017eno Ameriko, kjer se brata, potem ko jima umre mati, odpravita po sledeh o\u010deta, ki ga \u017ee nekaj mesecev ni na spregled, njuna pot pa se preobrne v pravo pus\u00adtolov\u0161\u010dino.<br \/>\nLiterarna klasika v klasi\u010dni Mustrovi stripovski preobleki!<\/p>\n<p><strong>Format: 160 x 280 mm, trda vezava, \u010drnobel tisk, 96 strani.<\/strong><\/p>\n","protected":false},"excerpt":{"rendered":"<p>Janez Trnovc, Miki Muster: Za o\u010detom Poleg klasi\u010dnih stripov je Miki Mus\u00adter naredil nekaj stripovskih adaptacij literature, pri katerih je bila sopostavitev podobe in besedila nekoliko druga\u010dna kot obi\u010dajno: zgoraj je bila risbica, pod njo pa besedilo, ki jo je dopolnjevalo in\/ali komentiralo. Kot nekak\u0161na \u00bbvintage\u00ab izdaja je zdaj znova iz\u0161el strip\u00a0Za o\u010detom, katerega\u00a0je zrisal [&hellip;]<\/p>\n","protected":false},"featured_media":47845,"template":"","meta":{"_monsterinsights_skip_tracking":false,"_monsterinsights_sitenote_active":false,"_monsterinsights_sitenote_note":"","_monsterinsights_sitenote_category":0},"product_brand":[],"product_cat":[16,18,40,107],"product_tag":[],"class_list":{"0":"post-47844","1":"product","2":"type-product","3":"status-publish","4":"has-post-thumbnail","6":"product_cat-katalog-knjig","7":"product_cat-nove-knjige","8":"product_cat-otroska-mladinska-literatura","9":"product_cat-stripi","11":"first","12":"instock","13":"taxable","14":"shipping-taxable","15":"purchasable","16":"product-type-simple"},"jetpack_sharing_enabled":true,"_links":{"self":[{"href":"https:\/\/www.antikvariat-vodnik.si\/index.php?rest_route=\/wp\/v2\/product\/47844","targetHints":{"allow":["GET"]}}],"collection":[{"href":"https:\/\/www.antikvariat-vodnik.si\/index.php?rest_route=\/wp\/v2\/product"}],"about":[{"href":"https:\/\/www.antikvariat-vodnik.si\/index.php?rest_route=\/wp\/v2\/types\/product"}],"wp:featuredmedia":[{"embeddable":true,"href":"https:\/\/www.antikvariat-vodnik.si\/index.php?rest_route=\/wp\/v2\/media\/47845"}],"wp:attachment":[{"href":"https:\/\/www.antikvariat-vodnik.si\/index.php?rest_route=%2Fwp%2Fv2%2Fmedia&parent=47844"}],"wp:term":[{"taxonomy":"product_brand","embeddable":true,"href":"https:\/\/www.antikvariat-vodnik.si\/index.php?rest_route=%2Fwp%2Fv2%2Fproduct_brand&post=47844"},{"taxonomy":"product_cat","embeddable":true,"href":"https:\/\/www.antikvariat-vodnik.si\/index.php?rest_route=%2Fwp%2Fv2%2Fproduct_cat&post=47844"},{"taxonomy":"product_tag","embeddable":true,"href":"https:\/\/www.antikvariat-vodnik.si\/index.php?rest_route=%2Fwp%2Fv2%2Fproduct_tag&post=47844"}],"curies":[{"name":"wp","href":"https:\/\/api.w.org\/{rel}","templated":true}]}}