{"id":47826,"date":"2023-11-28T13:02:22","date_gmt":"2023-11-28T12:02:22","guid":{"rendered":"https:\/\/www.antikvariat-vodnik.si\/?post_type=product&#038;p=47826"},"modified":"2023-11-28T13:02:57","modified_gmt":"2023-11-28T12:02:57","slug":"hinko-smrekar-kratek-oris-zivljenja-in-dela-damir-globocnik-2","status":"publish","type":"product","link":"https:\/\/www.antikvariat-vodnik.si\/?product=hinko-smrekar-kratek-oris-zivljenja-in-dela-damir-globocnik-2","title":{"rendered":"Hinko Smrekar : kratek oris \u017eivljenja in dela, Damir Globo\u010dnik"},"content":{"rendered":"<div class=\"elementor-element elementor-element-c9b94b2 elementor-widget elementor-widget-woocommerce-product-short-description\" data-id=\"c9b94b2\" data-element_type=\"widget\" data-widget_type=\"woocommerce-product-short-description.default\">\n<div class=\"elementor-widget-container\">\n<div class=\"woocommerce-product-details__short-description\">\n<p>Smrekar Hinko, risar in slikar, rojen leta 1883. Risarski talent je kazal \u017ee v vi\u0161jih razredih gimnazije. Najprej je \u017eelel \u0161tudirati medicino, a se je zaradi pomanjkanja sredstev 1901 vpisal na pravno fakulteto v Innsbrucku. Leta 1902 je nadaljeval \u0161tudij na Dunaju.<\/p>\n<\/div>\n<\/div>\n<\/div>\n<div class=\"elementor-element elementor-element-bf71032 elementor-widget elementor-widget-theme-post-content\" data-id=\"bf71032\" data-element_type=\"widget\" data-widget_type=\"theme-post-content.default\">\n<div class=\"elementor-widget-container\">\n<p>Pred 1. dr\u017eavnim izpitom je odstopil in se posvetil umetni\u0161kemu poklicu. V Avstrijskem muzeju za umetnost in obrt se je vpisal v te\u010daj za u\u010ditelje risanja na srednjjih \u0161olah. Ker mu je zmanjkalo denarja je 1905 Dunaj zapustil. Vrnil se je v Ljubljano in nato v Kranj, kamor se je Smrekarjeva dru\u017eina 1904 preselila. Tam mu je leta 1906 umrl o\u010de.<\/p>\n<p>Kmalu zatem pa je od\u0161el z M. Gasparijem v M\u00fcnchen in tam skoraj leto dni \u0161tudiral po zasebnih \u0161olah. Po vrnitvi je bil v letih 1907\u201311 \u0161e nekajkrat na Dunaju in se vra\u010dal v Kranj. Leta 1911 je vnovi\u010d od\u0161el s kiparjem L. Dolinarjem na Dunaj in v M\u00fcnchen, se v pozni jeseni vrnil v Ljubljano, kjer se je naselil z materjo za stalno. Leta 1915 je bil na ovadbo vpoklican k vojakom in kot srbofil aretiran. Najprej je bil zaprt v Ljubljani, potem v Wagni pri Lipnici na \u0160tajerskem, v Enzersdorfu in Mittergrabernu. Odtod je moral \u0161e 1915 v Judenburg na Zgornje \u0160tajersko, kjer so ga potrdili v voj. slu\u017ebo.<\/p>\n<p>Za\u010del je simulirati du\u0161evno bolezen, pri\u0161el v bolni\u0161nico v Scheiflingu ter Gradcu. Od tam so ga apr. 1916 po mu\u010dnih preiskavah odpustili kot popolnoma nesposobnega. Vrnil se je za stalno v Ljubljani, \u017eivel kot svoboden umetnik, kratko u\u010dil na Probudi (1926\u20137 C odd.).<\/p>\n<p>Po materini smrti 1927 si je sezidal na Ale\u0161ev\u010devi c. 38 \u00bbvilo Kurnik\u00ab, jo prezidaval in \u0161iril, da bi uredil delavnico, kjer je tudi pou\u010deval risanje. Kot izrazito svobodoljuben in socialno \u010dute\u010d narodnjak 1941 ni skrival svojega mi\u0161ljenja.<\/p>\n<p>Javno je razstavljal \u017ego\u010de satiri\u010dne risbe, ostre pamflete in karikature po izlo\u017ebah in jih \u0161iril med ljudmi. 29. sept. 1942 ga je prijela italijanska patrulja in pri njem na\u0161la ilegalni Radio-vestnik OF. Zato je bil dva dni zatem brez sodnega postopka ustreljen v Gramozni jami. Po njem se imenuje Osnovna \u0161ola Hinka Smrekarja v \u0160i\u0161ki, kjer je stanoval do svoje smrti. Od leta 1993 se po njem imenuje nagrada za ilustratorske dose\u017eke.<\/p>\n<\/div>\n<\/div>\n","protected":false},"excerpt":{"rendered":"<p>Smrekar Hinko, risar in slikar, rojen leta 1883. Risarski talent je kazal \u017ee v vi\u0161jih razredih gimnazije. Najprej je \u017eelel \u0161tudirati medicino, a se je zaradi pomanjkanja sredstev 1901 vpisal na pravno fakulteto v Innsbrucku. Leta 1902 je nadaljeval \u0161tudij na Dunaju. Pred 1. dr\u017eavnim izpitom je odstopil in se posvetil umetni\u0161kemu poklicu. V Avstrijskem [&hellip;]<\/p>\n","protected":false},"featured_media":47827,"template":"","meta":{"_monsterinsights_skip_tracking":false,"_monsterinsights_sitenote_active":false,"_monsterinsights_sitenote_note":"","_monsterinsights_sitenote_category":0},"product_brand":[],"product_cat":[16,18,107,38],"product_tag":[],"class_list":{"0":"post-47826","1":"product","2":"type-product","3":"status-publish","4":"has-post-thumbnail","6":"product_cat-katalog-knjig","7":"product_cat-nove-knjige","8":"product_cat-stripi","9":"product_cat-zgodovina","11":"first","12":"instock","13":"taxable","14":"shipping-taxable","15":"purchasable","16":"product-type-simple"},"jetpack_sharing_enabled":true,"_links":{"self":[{"href":"https:\/\/www.antikvariat-vodnik.si\/index.php?rest_route=\/wp\/v2\/product\/47826","targetHints":{"allow":["GET"]}}],"collection":[{"href":"https:\/\/www.antikvariat-vodnik.si\/index.php?rest_route=\/wp\/v2\/product"}],"about":[{"href":"https:\/\/www.antikvariat-vodnik.si\/index.php?rest_route=\/wp\/v2\/types\/product"}],"wp:featuredmedia":[{"embeddable":true,"href":"https:\/\/www.antikvariat-vodnik.si\/index.php?rest_route=\/wp\/v2\/media\/47827"}],"wp:attachment":[{"href":"https:\/\/www.antikvariat-vodnik.si\/index.php?rest_route=%2Fwp%2Fv2%2Fmedia&parent=47826"}],"wp:term":[{"taxonomy":"product_brand","embeddable":true,"href":"https:\/\/www.antikvariat-vodnik.si\/index.php?rest_route=%2Fwp%2Fv2%2Fproduct_brand&post=47826"},{"taxonomy":"product_cat","embeddable":true,"href":"https:\/\/www.antikvariat-vodnik.si\/index.php?rest_route=%2Fwp%2Fv2%2Fproduct_cat&post=47826"},{"taxonomy":"product_tag","embeddable":true,"href":"https:\/\/www.antikvariat-vodnik.si\/index.php?rest_route=%2Fwp%2Fv2%2Fproduct_tag&post=47826"}],"curies":[{"name":"wp","href":"https:\/\/api.w.org\/{rel}","templated":true}]}}