{"id":47308,"date":"2023-11-17T13:00:31","date_gmt":"2023-11-17T12:00:31","guid":{"rendered":"https:\/\/www.antikvariat-vodnik.si\/?post_type=product&#038;p=47308"},"modified":"2023-11-17T13:01:37","modified_gmt":"2023-11-17T12:01:37","slug":"slovenski-vinogradi-joco-znidarsic","status":"publish","type":"product","link":"https:\/\/www.antikvariat-vodnik.si\/?product=slovenski-vinogradi-joco-znidarsic","title":{"rendered":"SLOVENSKI VINOGRADI, Joco \u017dnidar\u0161i\u010d"},"content":{"rendered":"<p>184 strani, trda vezava, \u0161\u010ditni ovitek, 30.5 cm, Mihela\u010d, 1993, lepo ohranjena.<\/p>\n","protected":false},"excerpt":{"rendered":"<p>184 strani, trda vezava, \u0161\u010ditni ovitek, 30.5 cm, Mihela\u010d, 1993, lepo ohranjena.<\/p>\n","protected":false},"featured_media":47309,"template":"","meta":{"_monsterinsights_skip_tracking":false,"_monsterinsights_sitenote_active":false,"_monsterinsights_sitenote_note":"","_monsterinsights_sitenote_category":0},"product_brand":[],"product_cat":[17,16,50,26,55],"product_tag":[],"class_list":{"0":"post-47308","1":"product","2":"type-product","3":"status-publish","4":"has-post-thumbnail","6":"product_cat-antikvarne-knjige","7":"product_cat-katalog-knjig","8":"product_cat-kulinarika","9":"product_cat-prirocniki-uporabne-vede-duhovnost","10":"product_cat-turizem-gornistvo-alpinizem","12":"first","13":"instock","14":"taxable","15":"shipping-taxable","16":"purchasable","17":"product-type-simple"},"jetpack_sharing_enabled":true,"_links":{"self":[{"href":"https:\/\/www.antikvariat-vodnik.si\/index.php?rest_route=\/wp\/v2\/product\/47308","targetHints":{"allow":["GET"]}}],"collection":[{"href":"https:\/\/www.antikvariat-vodnik.si\/index.php?rest_route=\/wp\/v2\/product"}],"about":[{"href":"https:\/\/www.antikvariat-vodnik.si\/index.php?rest_route=\/wp\/v2\/types\/product"}],"wp:featuredmedia":[{"embeddable":true,"href":"https:\/\/www.antikvariat-vodnik.si\/index.php?rest_route=\/wp\/v2\/media\/47309"}],"wp:attachment":[{"href":"https:\/\/www.antikvariat-vodnik.si\/index.php?rest_route=%2Fwp%2Fv2%2Fmedia&parent=47308"}],"wp:term":[{"taxonomy":"product_brand","embeddable":true,"href":"https:\/\/www.antikvariat-vodnik.si\/index.php?rest_route=%2Fwp%2Fv2%2Fproduct_brand&post=47308"},{"taxonomy":"product_cat","embeddable":true,"href":"https:\/\/www.antikvariat-vodnik.si\/index.php?rest_route=%2Fwp%2Fv2%2Fproduct_cat&post=47308"},{"taxonomy":"product_tag","embeddable":true,"href":"https:\/\/www.antikvariat-vodnik.si\/index.php?rest_route=%2Fwp%2Fv2%2Fproduct_tag&post=47308"}],"curies":[{"name":"wp","href":"https:\/\/api.w.org\/{rel}","templated":true}]}}