{"id":36560,"date":"2023-02-01T17:38:05","date_gmt":"2023-02-01T16:38:05","guid":{"rendered":"https:\/\/www.antikvariat-vodnik.si\/?post_type=product&#038;p=36560"},"modified":"2024-12-03T16:35:34","modified_gmt":"2024-12-03T15:35:34","slug":"nastajanje-psihologije-knjiga-razgovorov-vid-pecjak","status":"publish","type":"product","link":"https:\/\/www.antikvariat-vodnik.si\/?product=nastajanje-psihologije-knjiga-razgovorov-vid-pecjak","title":{"rendered":"NASTAJANJE PSIHOLOGIJE; KNJIGA RAZGOVOROV, Vid Pe\u010djak"},"content":{"rendered":"<p>420 strani, trda vezava, \u0161\u010ditni ovitek, 24 cm, Dopisna delavska univerza Univerzum, 1983, lepo ohranjena.<\/p>\n","protected":false},"excerpt":{"rendered":"<p>420 strani, trda vezava, \u0161\u010ditni ovitek, 24 cm, Dopisna delavska univerza Univerzum, 1983, lepo ohranjena.<\/p>\n","protected":false},"featured_media":36561,"template":"","meta":{"_monsterinsights_skip_tracking":false,"_monsterinsights_sitenote_active":false,"_monsterinsights_sitenote_note":"","_monsterinsights_sitenote_category":0},"product_brand":[],"product_cat":[17,88,19,16],"product_tag":[],"class_list":{"0":"post-36560","1":"product","2":"type-product","3":"status-publish","4":"has-post-thumbnail","6":"product_cat-antikvarne-knjige","7":"product_cat-filozofija-psihologija-sociologija","8":"product_cat-humanistika-druzboslovje","9":"product_cat-katalog-knjig","11":"first","12":"instock","13":"taxable","14":"shipping-taxable","15":"purchasable","16":"product-type-simple"},"jetpack_sharing_enabled":true,"_links":{"self":[{"href":"https:\/\/www.antikvariat-vodnik.si\/index.php?rest_route=\/wp\/v2\/product\/36560","targetHints":{"allow":["GET"]}}],"collection":[{"href":"https:\/\/www.antikvariat-vodnik.si\/index.php?rest_route=\/wp\/v2\/product"}],"about":[{"href":"https:\/\/www.antikvariat-vodnik.si\/index.php?rest_route=\/wp\/v2\/types\/product"}],"wp:featuredmedia":[{"embeddable":true,"href":"https:\/\/www.antikvariat-vodnik.si\/index.php?rest_route=\/wp\/v2\/media\/36561"}],"wp:attachment":[{"href":"https:\/\/www.antikvariat-vodnik.si\/index.php?rest_route=%2Fwp%2Fv2%2Fmedia&parent=36560"}],"wp:term":[{"taxonomy":"product_brand","embeddable":true,"href":"https:\/\/www.antikvariat-vodnik.si\/index.php?rest_route=%2Fwp%2Fv2%2Fproduct_brand&post=36560"},{"taxonomy":"product_cat","embeddable":true,"href":"https:\/\/www.antikvariat-vodnik.si\/index.php?rest_route=%2Fwp%2Fv2%2Fproduct_cat&post=36560"},{"taxonomy":"product_tag","embeddable":true,"href":"https:\/\/www.antikvariat-vodnik.si\/index.php?rest_route=%2Fwp%2Fv2%2Fproduct_tag&post=36560"}],"curies":[{"name":"wp","href":"https:\/\/api.w.org\/{rel}","templated":true}]}}