{"id":35411,"date":"2023-01-10T16:00:02","date_gmt":"2023-01-10T15:00:02","guid":{"rendered":"https:\/\/www.antikvariat-vodnik.si\/?post_type=product&#038;p=35411"},"modified":"2023-01-10T16:01:08","modified_gmt":"2023-01-10T15:01:08","slug":"glasbena-umetnost-pozne-renesanse-in-baroka-na-slovenskem-janez-hofler","status":"publish","type":"product","link":"https:\/\/www.antikvariat-vodnik.si\/?product=glasbena-umetnost-pozne-renesanse-in-baroka-na-slovenskem-janez-hofler","title":{"rendered":"GLASBENA UMETNOST POZNE RENESANSE IN BAROKA NA SLOVENSKEM, Janez H\u00f6fler"},"content":{"rendered":"<p>164 strani, trda vezava, \u0161\u010ditni ovitek, 24 cm, Partizanska knjiga, 1978, lepo ohranjena.<\/p>\n","protected":false},"excerpt":{"rendered":"<p>164 strani, trda vezava, \u0161\u010ditni ovitek, 24 cm, Partizanska knjiga, 1978, lepo ohranjena.<\/p>\n","protected":false},"featured_media":35412,"template":"","meta":{"_monsterinsights_skip_tracking":false,"_monsterinsights_sitenote_active":false,"_monsterinsights_sitenote_note":"","_monsterinsights_sitenote_category":0},"product_brand":[],"product_cat":[17,60,19,16,58,24,43],"product_tag":[],"class_list":{"0":"post-35411","1":"product","2":"type-product","3":"status-publish","4":"has-post-thumbnail","6":"product_cat-antikvarne-knjige","7":"product_cat-glasba-gledalisce-ples","8":"product_cat-humanistika-druzboslovje","9":"product_cat-katalog-knjig","10":"product_cat-o-umetnosti","11":"product_cat-umetnost","12":"product_cat-zgodovina-domoznanstvo","14":"first","15":"instock","16":"taxable","17":"shipping-taxable","18":"purchasable","19":"product-type-simple"},"jetpack_sharing_enabled":true,"_links":{"self":[{"href":"https:\/\/www.antikvariat-vodnik.si\/index.php?rest_route=\/wp\/v2\/product\/35411","targetHints":{"allow":["GET"]}}],"collection":[{"href":"https:\/\/www.antikvariat-vodnik.si\/index.php?rest_route=\/wp\/v2\/product"}],"about":[{"href":"https:\/\/www.antikvariat-vodnik.si\/index.php?rest_route=\/wp\/v2\/types\/product"}],"wp:featuredmedia":[{"embeddable":true,"href":"https:\/\/www.antikvariat-vodnik.si\/index.php?rest_route=\/wp\/v2\/media\/35412"}],"wp:attachment":[{"href":"https:\/\/www.antikvariat-vodnik.si\/index.php?rest_route=%2Fwp%2Fv2%2Fmedia&parent=35411"}],"wp:term":[{"taxonomy":"product_brand","embeddable":true,"href":"https:\/\/www.antikvariat-vodnik.si\/index.php?rest_route=%2Fwp%2Fv2%2Fproduct_brand&post=35411"},{"taxonomy":"product_cat","embeddable":true,"href":"https:\/\/www.antikvariat-vodnik.si\/index.php?rest_route=%2Fwp%2Fv2%2Fproduct_cat&post=35411"},{"taxonomy":"product_tag","embeddable":true,"href":"https:\/\/www.antikvariat-vodnik.si\/index.php?rest_route=%2Fwp%2Fv2%2Fproduct_tag&post=35411"}],"curies":[{"name":"wp","href":"https:\/\/api.w.org\/{rel}","templated":true}]}}