{"id":35095,"date":"2022-12-27T16:27:48","date_gmt":"2022-12-27T15:27:48","guid":{"rendered":"https:\/\/www.antikvariat-vodnik.si\/?post_type=product&#038;p=35095"},"modified":"2023-02-07T17:25:49","modified_gmt":"2023-02-07T16:25:49","slug":"game-book-an-interactive-book-of-board-games","status":"publish","type":"product","link":"https:\/\/www.antikvariat-vodnik.si\/?product=game-book-an-interactive-book-of-board-games","title":{"rendered":"GAME BOOK; AN INTERACTIVE BOOK OF BOARD GAMES"},"content":{"rendered":"<p>INTERAKRIVNA KNJIGA Z NAMIZNIMI IGRAMI. Prilo\u017eena navodila v slovenskem jeziku.<\/p>\n<p>Prilo\u017eeno:<\/p>\n<ul>\n<li>Zgodovina in pravila<\/li>\n<li>72 figur<\/li>\n<li>1 kocka<\/li>\n<li>9 razli\u010dnih iger<\/li>\n<\/ul>\n<p>Trda vezava, \u0161\u010ditni ovitek, HiBirdBooks, 2019, kot nova.<\/p>\n","protected":false},"excerpt":{"rendered":"<p>INTERAKRIVNA KNJIGA Z NAMIZNIMI IGRAMI. Prilo\u017eena navodila v slovenskem jeziku. Prilo\u017eeno: Zgodovina in pravila 72 figur 1 kocka 9 razli\u010dnih iger Trda vezava, \u0161\u010ditni ovitek, HiBirdBooks, 2019, kot nova.<\/p>\n","protected":false},"featured_media":34894,"template":"","meta":{"_monsterinsights_skip_tracking":false,"_monsterinsights_sitenote_active":false,"_monsterinsights_sitenote_note":"","_monsterinsights_sitenote_category":0},"product_brand":[],"product_cat":[17,90,16,29,15,26,54],"product_tag":[],"class_list":{"0":"post-35095","1":"product","2":"type-product","3":"status-publish","4":"has-post-thumbnail","6":"product_cat-antikvarne-knjige","7":"product_cat-druzina-starsevstvo-vzgoja","8":"product_cat-katalog-knjig","9":"product_cat-knjige-za-otroke-in-mladino","10":"product_cat-nekategorizirano","11":"product_cat-prirocniki-uporabne-vede-duhovnost","12":"product_cat-sport-prosti-cas-hobby","14":"first","15":"outofstock","16":"taxable","17":"shipping-taxable","18":"product-type-simple"},"jetpack_sharing_enabled":true,"_links":{"self":[{"href":"https:\/\/www.antikvariat-vodnik.si\/index.php?rest_route=\/wp\/v2\/product\/35095","targetHints":{"allow":["GET"]}}],"collection":[{"href":"https:\/\/www.antikvariat-vodnik.si\/index.php?rest_route=\/wp\/v2\/product"}],"about":[{"href":"https:\/\/www.antikvariat-vodnik.si\/index.php?rest_route=\/wp\/v2\/types\/product"}],"wp:featuredmedia":[{"embeddable":true,"href":"https:\/\/www.antikvariat-vodnik.si\/index.php?rest_route=\/wp\/v2\/media\/34894"}],"wp:attachment":[{"href":"https:\/\/www.antikvariat-vodnik.si\/index.php?rest_route=%2Fwp%2Fv2%2Fmedia&parent=35095"}],"wp:term":[{"taxonomy":"product_brand","embeddable":true,"href":"https:\/\/www.antikvariat-vodnik.si\/index.php?rest_route=%2Fwp%2Fv2%2Fproduct_brand&post=35095"},{"taxonomy":"product_cat","embeddable":true,"href":"https:\/\/www.antikvariat-vodnik.si\/index.php?rest_route=%2Fwp%2Fv2%2Fproduct_cat&post=35095"},{"taxonomy":"product_tag","embeddable":true,"href":"https:\/\/www.antikvariat-vodnik.si\/index.php?rest_route=%2Fwp%2Fv2%2Fproduct_tag&post=35095"}],"curies":[{"name":"wp","href":"https:\/\/api.w.org\/{rel}","templated":true}]}}