{"id":34073,"date":"2022-12-05T16:43:50","date_gmt":"2022-12-05T15:43:50","guid":{"rendered":"https:\/\/www.antikvariat-vodnik.si\/?post_type=product&#038;p=34073"},"modified":"2022-12-05T16:44:48","modified_gmt":"2022-12-05T15:44:48","slug":"die-grosten-fehlschlage-der-militargeschichte-saul-david","status":"publish","type":"product","link":"https:\/\/www.antikvariat-vodnik.si\/?product=die-grosten-fehlschlage-der-militargeschichte-saul-david","title":{"rendered":"DIE GR\u00d6\u00dfTEN FEHLSCHL\u00c4GE DER MILIT\u00c4RGESCHICHTE, Saul David"},"content":{"rendered":"<p>Knjiga je v nem\u0161kem jeziku. 408 strani, trda vezava, \u0161\u010ditni ovitek, 21.5 cm, Heyne, 2001, zelo lepo ohranjena.<\/p>\n","protected":false},"excerpt":{"rendered":"<p>Knjiga je v nem\u0161kem jeziku. 408 strani, trda vezava, \u0161\u010ditni ovitek, 21.5 cm, Heyne, 2001, zelo lepo ohranjena.<\/p>\n","protected":false},"featured_media":34074,"template":"","meta":{"_monsterinsights_skip_tracking":false,"_monsterinsights_sitenote_active":false,"_monsterinsights_sitenote_note":"","_monsterinsights_sitenote_category":0},"product_brand":[],"product_cat":[17,19,16,28,70,43],"product_tag":[],"class_list":{"0":"post-34073","1":"product","2":"type-product","3":"status-publish","4":"has-post-thumbnail","6":"product_cat-antikvarne-knjige","7":"product_cat-humanistika-druzboslovje","8":"product_cat-katalog-knjig","9":"product_cat-knjige-v-tujih-jezikih","10":"product_cat-nemski-jezik","11":"product_cat-zgodovina-domoznanstvo","13":"first","14":"instock","15":"taxable","16":"shipping-taxable","17":"purchasable","18":"product-type-simple"},"jetpack_sharing_enabled":true,"_links":{"self":[{"href":"https:\/\/www.antikvariat-vodnik.si\/index.php?rest_route=\/wp\/v2\/product\/34073","targetHints":{"allow":["GET"]}}],"collection":[{"href":"https:\/\/www.antikvariat-vodnik.si\/index.php?rest_route=\/wp\/v2\/product"}],"about":[{"href":"https:\/\/www.antikvariat-vodnik.si\/index.php?rest_route=\/wp\/v2\/types\/product"}],"wp:featuredmedia":[{"embeddable":true,"href":"https:\/\/www.antikvariat-vodnik.si\/index.php?rest_route=\/wp\/v2\/media\/34074"}],"wp:attachment":[{"href":"https:\/\/www.antikvariat-vodnik.si\/index.php?rest_route=%2Fwp%2Fv2%2Fmedia&parent=34073"}],"wp:term":[{"taxonomy":"product_brand","embeddable":true,"href":"https:\/\/www.antikvariat-vodnik.si\/index.php?rest_route=%2Fwp%2Fv2%2Fproduct_brand&post=34073"},{"taxonomy":"product_cat","embeddable":true,"href":"https:\/\/www.antikvariat-vodnik.si\/index.php?rest_route=%2Fwp%2Fv2%2Fproduct_cat&post=34073"},{"taxonomy":"product_tag","embeddable":true,"href":"https:\/\/www.antikvariat-vodnik.si\/index.php?rest_route=%2Fwp%2Fv2%2Fproduct_tag&post=34073"}],"curies":[{"name":"wp","href":"https:\/\/api.w.org\/{rel}","templated":true}]}}