{"id":34054,"date":"2022-12-05T15:34:40","date_gmt":"2022-12-05T14:34:40","guid":{"rendered":"https:\/\/www.antikvariat-vodnik.si\/?post_type=product&#038;p=34054"},"modified":"2025-09-14T19:26:02","modified_gmt":"2025-09-14T17:26:02","slug":"vaje-iz-anglescime-polona-komac","status":"publish","type":"product","link":"https:\/\/www.antikvariat-vodnik.si\/?product=vaje-iz-anglescime-polona-komac","title":{"rendered":"VAJE IZ ANGLE\u0160\u010cINE, Polona Komac"},"content":{"rendered":"<p>252 strani, mehka vezava, 23 cm, Cankarjeva zalo\u017eba, 2003, lepo ohranjena.<\/p>\n","protected":false},"excerpt":{"rendered":"<p>252 strani, mehka vezava, 23 cm, Cankarjeva zalo\u017eba, 2003, lepo ohranjena.<\/p>\n","protected":false},"featured_media":34055,"template":"","meta":{"_monsterinsights_skip_tracking":false,"_monsterinsights_sitenote_active":false,"_monsterinsights_sitenote_note":"","_monsterinsights_sitenote_category":0},"product_brand":[],"product_cat":[69,17,19,16,28,47,104],"product_tag":[],"class_list":{"0":"post-34054","1":"product","2":"type-product","3":"status-publish","4":"has-post-thumbnail","6":"product_cat-angleski-jezik","7":"product_cat-antikvarne-knjige","8":"product_cat-humanistika-druzboslovje","9":"product_cat-katalog-knjig","10":"product_cat-knjige-v-tujih-jezikih","11":"product_cat-slovarji-slovnice-jezikoslovje","12":"product_cat-ucbeniki","14":"first","15":"instock","16":"taxable","17":"shipping-taxable","18":"purchasable","19":"product-type-simple"},"jetpack_sharing_enabled":true,"_links":{"self":[{"href":"https:\/\/www.antikvariat-vodnik.si\/index.php?rest_route=\/wp\/v2\/product\/34054","targetHints":{"allow":["GET"]}}],"collection":[{"href":"https:\/\/www.antikvariat-vodnik.si\/index.php?rest_route=\/wp\/v2\/product"}],"about":[{"href":"https:\/\/www.antikvariat-vodnik.si\/index.php?rest_route=\/wp\/v2\/types\/product"}],"wp:featuredmedia":[{"embeddable":true,"href":"https:\/\/www.antikvariat-vodnik.si\/index.php?rest_route=\/wp\/v2\/media\/34055"}],"wp:attachment":[{"href":"https:\/\/www.antikvariat-vodnik.si\/index.php?rest_route=%2Fwp%2Fv2%2Fmedia&parent=34054"}],"wp:term":[{"taxonomy":"product_brand","embeddable":true,"href":"https:\/\/www.antikvariat-vodnik.si\/index.php?rest_route=%2Fwp%2Fv2%2Fproduct_brand&post=34054"},{"taxonomy":"product_cat","embeddable":true,"href":"https:\/\/www.antikvariat-vodnik.si\/index.php?rest_route=%2Fwp%2Fv2%2Fproduct_cat&post=34054"},{"taxonomy":"product_tag","embeddable":true,"href":"https:\/\/www.antikvariat-vodnik.si\/index.php?rest_route=%2Fwp%2Fv2%2Fproduct_tag&post=34054"}],"curies":[{"name":"wp","href":"https:\/\/api.w.org\/{rel}","templated":true}]}}