{"id":29638,"date":"2022-09-07T13:55:52","date_gmt":"2022-09-07T11:55:52","guid":{"rendered":"https:\/\/www.antikvariat-vodnik.si\/?post_type=product&#038;p=29638"},"modified":"2026-02-02T14:36:21","modified_gmt":"2026-02-02T13:36:21","slug":"ko-telo-rece-ne-gabor-mate","status":"publish","type":"product","link":"https:\/\/www.antikvariat-vodnik.si\/?product=ko-telo-rece-ne-gabor-mate","title":{"rendered":"KO TELO RE\u010cE NE, Gabor Mat\u00e9"},"content":{"rendered":"<p><strong>Svetovno znani predavatelj in avtor, kanadski zdravnik Gabor Mat\u00e9<\/strong>, se je v knjigi Ko telo re\u010de ne\u00a0namenil pisati o u\u010dinkih stresa na zdravje, zlasti v primerih skritega stresa, ki ga vsi \u010drpamo iz\u00a0zgodnjega programiranja in je tako globok, tako subtilen vzorec, da imamo ob\u010dutek, kot da je del\u00a0na\u0161ega resni\u010dnega jaza.<\/p>\n<p><strong>Ta provokativna in \u010dudovito napisana knjiga vam bo razkrila nova spoznanja o vplivu stresa na <\/strong><strong>na\u0161e zdravje.<\/strong><\/p>\n<p>V njej dr. Gabor Mate v razumljivem jeziku povzame najnovej\u0161a znanstvena odkritja o\u00a0vlogi stresa in \u010dustev pri razvoju razli\u010dnih bolezni, vklju\u010dno s sr\u010dnimi obolenji, diabetesom,sindromom razdra\u017eljivega \u010drevesja, multiplo sklerozo, artritisom in rakavimi obolenji.<\/p>\n<p><strong>\u010custva, kot je na primer jeza, imajo skupaj z na\u0161im imunskim sistemom nalogo, da varujejo <\/strong><strong>na\u0161e meje. Ko tak\u0161na \u010dustva potla\u010dimo, obenem potla\u010dimo tudi naravni imunski odziv. <\/strong><\/p>\n<p><strong>Pri <\/strong><strong>nekaterih ljudeh imajo tak\u0161ni obrambni mehanizmi ravno nasprotni u\u010dinek od \u017eelenega, saj telo\u00a0<\/strong><strong>uni\u010dujejo, namesto da bi ga za\u0161\u010ditili.\u00a0<\/strong><\/p>\n<p>Dr. Mate v knjigi razi\u0161\u010de, zakaj zdravniki kljub nara\u0161\u010dajo\u010demu \u0161tevilu dokazov, da sta um in telo tesno povezana, \u0161e naprej zdravijo zgolj fizi\u010dne simptome namesto \u010dloveka kot celote \u2013 in zakaj moramo\u00a0razumeti povezavo telesa in uma, da lahko prevzamemo aktivno vlogo pri ohranjanju svojega zdravja.<\/p>\n<p><strong>Ta knjiga je nastala, da vas spodbudi k u\u010denju in zdravljenju.<\/strong> Ponuja vam transformativne uvide,\u00a0ki promovirajo skrb za svojo fizi\u010dno in \u010dustveno dobrobit \u2013 pomanjkanje katerih je, kot pravi avtor,\u00a0glavni vzrok za stres, ki kroni\u010dno spodkopava na\u0161e zdravje in pripravlja teren za razvoj bolezni.<\/p>\n<p>\u010cetudi v delu za lai\u010dno javnost predstavi veliko dostopnih znanstvenih\u00a0dokazov, <strong>pa sr\u017e knjige oblikujejo posami\u010dne zgodbe iz njegove dolgoletne zdravni\u0161ke prakse.<\/strong><\/p>\n<p><strong>Pred\u00a0<\/strong><strong>nami razgrne odkritja sodobne znanosti, ki potrjujejo intuitivne zaznave starodavne modrosti.<\/strong> Hkrati\u00a0pa nastavi ogledalo na\u0161i dru\u017ebi, zagnani v stres, da bi lahko prepoznali, kako na ne\u0161teto nezavednih\u00a0na\u010dinov sami pripomoremo k nastanku bolezni, ki nas pestijo kakor kuga. to ni knjiga receptov,\u00a0vendar lahko deluje kot katalizator za osebno preobrazbo. recepti pridejo od zunaj, preobrazba pa\u00a0sledi od znotraj. \u010ce pridobimo zmo\u017enost, da se iskreno, so\u010dutno in z nezastrtim pogledom zazremo\u00a0vase, lahko prepoznamo, kaj potrebujemo, da bi poskrbeli zase. Lahko vidimo podro\u010dja jaza, ki so bila\u00a0prej skrita v temi.<\/p>\n","protected":false},"excerpt":{"rendered":"<p>Svetovno znani predavatelj in avtor, kanadski zdravnik Gabor Mat\u00e9, se je v knjigi Ko telo re\u010de ne\u00a0namenil pisati o u\u010dinkih stresa na zdravje, zlasti v primerih skritega stresa, ki ga vsi \u010drpamo iz\u00a0zgodnjega programiranja in je tako globok, tako subtilen vzorec, da imamo ob\u010dutek, kot da je del\u00a0na\u0161ega resni\u010dnega jaza. Ta provokativna in \u010dudovito napisana [&hellip;]<\/p>\n","protected":false},"featured_media":29639,"template":"","meta":{"_monsterinsights_skip_tracking":false,"_monsterinsights_sitenote_active":false,"_monsterinsights_sitenote_note":"","_monsterinsights_sitenote_category":0},"product_brand":[],"product_cat":[16,18,41],"product_tag":[],"class_list":{"0":"post-29638","1":"product","2":"type-product","3":"status-publish","4":"has-post-thumbnail","6":"product_cat-katalog-knjig","7":"product_cat-nove-knjige","8":"product_cat-zdravje-kulinarika","10":"first","11":"instock","12":"taxable","13":"shipping-taxable","14":"purchasable","15":"product-type-simple"},"jetpack_sharing_enabled":true,"_links":{"self":[{"href":"https:\/\/www.antikvariat-vodnik.si\/index.php?rest_route=\/wp\/v2\/product\/29638","targetHints":{"allow":["GET"]}}],"collection":[{"href":"https:\/\/www.antikvariat-vodnik.si\/index.php?rest_route=\/wp\/v2\/product"}],"about":[{"href":"https:\/\/www.antikvariat-vodnik.si\/index.php?rest_route=\/wp\/v2\/types\/product"}],"wp:featuredmedia":[{"embeddable":true,"href":"https:\/\/www.antikvariat-vodnik.si\/index.php?rest_route=\/wp\/v2\/media\/29639"}],"wp:attachment":[{"href":"https:\/\/www.antikvariat-vodnik.si\/index.php?rest_route=%2Fwp%2Fv2%2Fmedia&parent=29638"}],"wp:term":[{"taxonomy":"product_brand","embeddable":true,"href":"https:\/\/www.antikvariat-vodnik.si\/index.php?rest_route=%2Fwp%2Fv2%2Fproduct_brand&post=29638"},{"taxonomy":"product_cat","embeddable":true,"href":"https:\/\/www.antikvariat-vodnik.si\/index.php?rest_route=%2Fwp%2Fv2%2Fproduct_cat&post=29638"},{"taxonomy":"product_tag","embeddable":true,"href":"https:\/\/www.antikvariat-vodnik.si\/index.php?rest_route=%2Fwp%2Fv2%2Fproduct_tag&post=29638"}],"curies":[{"name":"wp","href":"https:\/\/api.w.org\/{rel}","templated":true}]}}