{"id":26199,"date":"2022-06-25T16:07:04","date_gmt":"2022-06-25T14:07:04","guid":{"rendered":"https:\/\/www.antikvariat-vodnik.si\/?post_type=product&#038;p=26199"},"modified":"2025-05-01T16:59:42","modified_gmt":"2025-05-01T14:59:42","slug":"v-puscavi-in-goscavi-1-in-2-henryk-sienkiewicz","status":"publish","type":"product","link":"https:\/\/www.antikvariat-vodnik.si\/?product=v-puscavi-in-goscavi-1-in-2-henryk-sienkiewicz","title":{"rendered":"V PU\u0160\u010cAVI IN GO\u0160\u010cAVI 1 IN 2, Henryk Sienkiewicz"},"content":{"rendered":"<p>V dveh delih.<\/p>\n<p>Trda vezava, 20,5 cm, MK, 1974, lepo ohranjena.<\/p>\n","protected":false},"excerpt":{"rendered":"<p>V dveh delih. Trda vezava, 20,5 cm, MK, 1974, lepo ohranjena.<\/p>\n","protected":false},"featured_media":26155,"template":"","meta":{"_monsterinsights_skip_tracking":false,"_monsterinsights_sitenote_active":false,"_monsterinsights_sitenote_note":"","_monsterinsights_sitenote_category":0},"product_brand":[],"product_cat":[17,16,29,27,78,65],"product_tag":[],"class_list":{"0":"post-26199","1":"product","2":"type-product","3":"status-publish","4":"has-post-thumbnail","6":"product_cat-antikvarne-knjige","7":"product_cat-katalog-knjig","8":"product_cat-knjige-za-otroke-in-mladino","9":"product_cat-leposlovje","10":"product_cat-leposlovje-za-mladino-stripi","11":"product_cat-proza-tuji-avtorji","13":"first","14":"instock","15":"taxable","16":"shipping-taxable","17":"purchasable","18":"product-type-simple"},"jetpack_sharing_enabled":true,"_links":{"self":[{"href":"https:\/\/www.antikvariat-vodnik.si\/index.php?rest_route=\/wp\/v2\/product\/26199","targetHints":{"allow":["GET"]}}],"collection":[{"href":"https:\/\/www.antikvariat-vodnik.si\/index.php?rest_route=\/wp\/v2\/product"}],"about":[{"href":"https:\/\/www.antikvariat-vodnik.si\/index.php?rest_route=\/wp\/v2\/types\/product"}],"wp:featuredmedia":[{"embeddable":true,"href":"https:\/\/www.antikvariat-vodnik.si\/index.php?rest_route=\/wp\/v2\/media\/26155"}],"wp:attachment":[{"href":"https:\/\/www.antikvariat-vodnik.si\/index.php?rest_route=%2Fwp%2Fv2%2Fmedia&parent=26199"}],"wp:term":[{"taxonomy":"product_brand","embeddable":true,"href":"https:\/\/www.antikvariat-vodnik.si\/index.php?rest_route=%2Fwp%2Fv2%2Fproduct_brand&post=26199"},{"taxonomy":"product_cat","embeddable":true,"href":"https:\/\/www.antikvariat-vodnik.si\/index.php?rest_route=%2Fwp%2Fv2%2Fproduct_cat&post=26199"},{"taxonomy":"product_tag","embeddable":true,"href":"https:\/\/www.antikvariat-vodnik.si\/index.php?rest_route=%2Fwp%2Fv2%2Fproduct_tag&post=26199"}],"curies":[{"name":"wp","href":"https:\/\/api.w.org\/{rel}","templated":true}]}}