{"id":22653,"date":"2022-04-03T15:52:12","date_gmt":"2022-04-03T13:52:12","guid":{"rendered":"https:\/\/www.antikvariat-vodnik.si\/?post_type=product&#038;p=22653"},"modified":"2022-04-03T16:48:40","modified_gmt":"2022-04-03T14:48:40","slug":"paris-en-flanant-jean-m-schveitzer","status":"publish","type":"product","link":"https:\/\/www.antikvariat-vodnik.si\/?product=paris-en-flanant-jean-m-schveitzer","title":{"rendered":"PARIS EN FLANANT, Jean-M. Schveitzer"},"content":{"rendered":"<p>Pariz med sprehodom vsebuje besedilo v franco\u0161\u010dini, angle\u0161\u010dini, nem\u0161\u010dini ter \u0161pan\u0161\u010dini ter slike Pariza, ki jih je naslikal M. Yvon.<\/p>\n<p>Mehka vezava, 18,5 cm.<\/p>\n<p>&nbsp;<\/p>\n<p>&nbsp;<\/p>\n","protected":false},"excerpt":{"rendered":"<p>Pariz med sprehodom vsebuje besedilo v franco\u0161\u010dini, angle\u0161\u010dini, nem\u0161\u010dini ter \u0161pan\u0161\u010dini ter slike Pariza, ki jih je naslikal M. Yvon. Mehka vezava, 18,5 cm. &nbsp; &nbsp;<\/p>\n","protected":false},"featured_media":22437,"template":"","meta":{"_monsterinsights_skip_tracking":false,"_monsterinsights_sitenote_active":false,"_monsterinsights_sitenote_note":"","_monsterinsights_sitenote_category":0},"product_brand":[],"product_cat":[17,63,16,26,55,24],"product_tag":[],"class_list":{"0":"post-22653","1":"product","2":"type-product","3":"status-publish","4":"has-post-thumbnail","6":"product_cat-antikvarne-knjige","7":"product_cat-fotografija-film-strip","8":"product_cat-katalog-knjig","9":"product_cat-prirocniki-uporabne-vede-duhovnost","10":"product_cat-turizem-gornistvo-alpinizem","11":"product_cat-umetnost","13":"first","14":"instock","15":"taxable","16":"shipping-taxable","17":"purchasable","18":"product-type-simple"},"jetpack_sharing_enabled":true,"_links":{"self":[{"href":"https:\/\/www.antikvariat-vodnik.si\/index.php?rest_route=\/wp\/v2\/product\/22653","targetHints":{"allow":["GET"]}}],"collection":[{"href":"https:\/\/www.antikvariat-vodnik.si\/index.php?rest_route=\/wp\/v2\/product"}],"about":[{"href":"https:\/\/www.antikvariat-vodnik.si\/index.php?rest_route=\/wp\/v2\/types\/product"}],"wp:featuredmedia":[{"embeddable":true,"href":"https:\/\/www.antikvariat-vodnik.si\/index.php?rest_route=\/wp\/v2\/media\/22437"}],"wp:attachment":[{"href":"https:\/\/www.antikvariat-vodnik.si\/index.php?rest_route=%2Fwp%2Fv2%2Fmedia&parent=22653"}],"wp:term":[{"taxonomy":"product_brand","embeddable":true,"href":"https:\/\/www.antikvariat-vodnik.si\/index.php?rest_route=%2Fwp%2Fv2%2Fproduct_brand&post=22653"},{"taxonomy":"product_cat","embeddable":true,"href":"https:\/\/www.antikvariat-vodnik.si\/index.php?rest_route=%2Fwp%2Fv2%2Fproduct_cat&post=22653"},{"taxonomy":"product_tag","embeddable":true,"href":"https:\/\/www.antikvariat-vodnik.si\/index.php?rest_route=%2Fwp%2Fv2%2Fproduct_tag&post=22653"}],"curies":[{"name":"wp","href":"https:\/\/api.w.org\/{rel}","templated":true}]}}