{"id":21697,"date":"2022-03-24T14:26:12","date_gmt":"2022-03-24T13:26:12","guid":{"rendered":"https:\/\/www.antikvariat-vodnik.si\/?post_type=product&#038;p=21697"},"modified":"2025-10-09T17:29:42","modified_gmt":"2025-10-09T15:29:42","slug":"plecnik-vec-avtorjev","status":"publish","type":"product","link":"https:\/\/www.antikvariat-vodnik.si\/?product=plecnik-vec-avtorjev","title":{"rendered":"Ple\u010dnik., ve\u010d avtorjev"},"content":{"rendered":"<div class=\"elementor-element elementor-element-c9b94b2 elementor-widget elementor-widget-woocommerce-product-short-description\" data-id=\"c9b94b2\" data-element_type=\"widget\" data-widget_type=\"woocommerce-product-short-description.default\">\n<div class=\"elementor-widget-container\">\n<div class=\"woocommerce-product-details__short-description\">\n<p>V stripu sledimo njegovi\u00a0<strong>ustvarjalni poti<\/strong>, ki se je za\u010dela na Dunaju in nadaljevala v Pragi in rodni Ljubljani. Tu je imel prilo\u017enost ustvariti \u0161tevilne arhitekturne in urbanisti\u010dne projekte \u2013 Jakopi\u010devo sprehajali\u0161\u010de, Trnovski pristan, \u0160u\u0161tarski most, Tromostovje, Peglezen, Narodno in univerzitetno knji\u017enico, \u017dale, Kri\u017eanke in \u0161e mnoge druge. Strip pred nas razgrne nadvse\u00a0<strong>bogat Ple\u010dnikov opus<\/strong>, hkrati pa v njem dodobra spoznamo tudi njegove\u00a0<strong>osebne poglede na arhitekturo<\/strong>, njegovo naravo in zna\u010daj ter\u00a0<strong>miselni svet intelektualca in umetnika<\/strong>, ki je bil mojster v ustvarjanju svojstvenih arhitekturnih vizij. V pripoved so vpleteni tudi odzivi okolice na Ple\u010dnikova dela ter dogodki, ki so zaznamovali njegovo \u017eivljenje.<\/p>\n<\/div>\n<\/div>\n<\/div>\n<div class=\"elementor-element elementor-element-bf71032 elementor-widget elementor-widget-theme-post-content\" data-id=\"bf71032\" data-element_type=\"widget\" data-widget_type=\"theme-post-content.default\">\n<div class=\"elementor-widget-container\">\n<p>Scenarij\u00a0<strong>Bla\u017ea Vurnika<\/strong>\u00a0\u010drpa iz bogate strokovne in znanstvene literature ter poglobljenega \u0161tudija zapu\u0161\u010dine, ki jo hrani Ple\u010dnikova hi\u0161a, iz \u010desar je ustvarjena\u00a0<strong>ve\u010dplastna zgodba o Ple\u010dnikovi osebnosti in njegovih delih<\/strong>. Slednjo je\u00a0<strong>Zoran Smiljani\u0107<\/strong>\u00a0prelil v strip ter se pri tem \u0161e posebej posvetil natan\u010dnemu izrisovanju Ple\u010dnikove arhitekture in vseh njenih raznolikih detajlov, po katerih je mojster tako slovel.<\/p>\n<p>Ple\u010dnik nam v stripu zgodbo o svojem \u017eivljenju pripoveduje sam ter pred nas postavlja svoj pogled na to, kdo je bil in kaj vse je ustvaril. \u010cas in okolje, v katerem je \u017eivel in delal, mu je uspelo prese\u010di s pogumnimi odlo\u010ditvami in predanostjo lastnim eti\u010dnim in umetni\u0161kim na\u010delom. Ple\u010dnik se nam tako v tem delu razkrije kot polnokrven stripovski junak mnogoplastnih osebnostnih dimenzij,\u00a0<em>\u00bbkot slehernik, kot dokaz ali obet, da je mogo\u010de iz sivega povpre\u010dja dose\u010di barvite vi\u0161ave\u00ab.<\/em><\/p>\n<\/div>\n<\/div>\n","protected":false},"excerpt":{"rendered":"<p>V stripu sledimo njegovi\u00a0ustvarjalni poti, ki se je za\u010dela na Dunaju in nadaljevala v Pragi in rodni Ljubljani. Tu je imel prilo\u017enost ustvariti \u0161tevilne arhitekturne in urbanisti\u010dne projekte \u2013 Jakopi\u010devo sprehajali\u0161\u010de, Trnovski pristan, \u0160u\u0161tarski most, Tromostovje, Peglezen, Narodno in univerzitetno knji\u017enico, \u017dale, Kri\u017eanke in \u0161e mnoge druge. Strip pred nas razgrne nadvse\u00a0bogat Ple\u010dnikov opus, hkrati [&hellip;]<\/p>\n","protected":false},"featured_media":21698,"template":"","meta":{"_monsterinsights_skip_tracking":false,"_monsterinsights_sitenote_active":false,"_monsterinsights_sitenote_note":"","_monsterinsights_sitenote_category":0},"product_brand":[],"product_cat":[93,18,94],"product_tag":[],"class_list":{"0":"post-21697","1":"product","2":"type-product","3":"status-publish","4":"has-post-thumbnail","6":"product_cat-kultura","7":"product_cat-nove-knjige","8":"product_cat-umetnost-nove-knjige","10":"first","11":"instock","12":"taxable","13":"shipping-taxable","14":"purchasable","15":"product-type-simple"},"jetpack_sharing_enabled":true,"_links":{"self":[{"href":"https:\/\/www.antikvariat-vodnik.si\/index.php?rest_route=\/wp\/v2\/product\/21697","targetHints":{"allow":["GET"]}}],"collection":[{"href":"https:\/\/www.antikvariat-vodnik.si\/index.php?rest_route=\/wp\/v2\/product"}],"about":[{"href":"https:\/\/www.antikvariat-vodnik.si\/index.php?rest_route=\/wp\/v2\/types\/product"}],"wp:featuredmedia":[{"embeddable":true,"href":"https:\/\/www.antikvariat-vodnik.si\/index.php?rest_route=\/wp\/v2\/media\/21698"}],"wp:attachment":[{"href":"https:\/\/www.antikvariat-vodnik.si\/index.php?rest_route=%2Fwp%2Fv2%2Fmedia&parent=21697"}],"wp:term":[{"taxonomy":"product_brand","embeddable":true,"href":"https:\/\/www.antikvariat-vodnik.si\/index.php?rest_route=%2Fwp%2Fv2%2Fproduct_brand&post=21697"},{"taxonomy":"product_cat","embeddable":true,"href":"https:\/\/www.antikvariat-vodnik.si\/index.php?rest_route=%2Fwp%2Fv2%2Fproduct_cat&post=21697"},{"taxonomy":"product_tag","embeddable":true,"href":"https:\/\/www.antikvariat-vodnik.si\/index.php?rest_route=%2Fwp%2Fv2%2Fproduct_tag&post=21697"}],"curies":[{"name":"wp","href":"https:\/\/api.w.org\/{rel}","templated":true}]}}