{"id":21183,"date":"2022-03-08T17:34:34","date_gmt":"2022-03-08T16:34:34","guid":{"rendered":"https:\/\/www.antikvariat-vodnik.si\/?post_type=product&#038;p=21183"},"modified":"2022-03-08T17:34:53","modified_gmt":"2022-03-08T16:34:53","slug":"zdravilna-moc-zacimb-za-otroke-2-dopolnjena-izdaja-sabina-topolovec","status":"publish","type":"product","link":"https:\/\/www.antikvariat-vodnik.si\/?product=zdravilna-moc-zacimb-za-otroke-2-dopolnjena-izdaja-sabina-topolovec","title":{"rendered":"ZDRAVILNA MO\u010c ZA\u010cIMB ZA OTROKE-2. DOPOLNJENA IZDAJA, Sabina Topolovec"},"content":{"rendered":"<p>V nekaj letih, odkar je priro\u010dnik prvi\u010d iz\u0161el, je na\u0161e nasvete in recepte s hvale\u017enostjo preizkusilo na tiso\u010de dru\u017ein. Ko je knjiga \u017ee drugi\u010d v rekordnem \u010dasu po\u0161la, smo pri\u010deli sistemati\u010dno zbirati vse va\u0161e predloge in vpra\u0161anja. Tako je nastala \u0161e bogatej\u0161a knjiga, ki ne prina\u0161a le kopice novih receptov, temve\u010d sedaj pokriva tudi podro\u010dja dojenja, povi\u0161anega holesterola, nenehnega vnetja u\u0161es, se\u010dil, otro\u0161kih kolik in naravnega razku\u017eevanja.<\/p>\n","protected":false},"excerpt":{"rendered":"<p>V nekaj letih, odkar je priro\u010dnik prvi\u010d iz\u0161el, je na\u0161e nasvete in recepte s hvale\u017enostjo preizkusilo na tiso\u010de dru\u017ein. Ko je knjiga \u017ee drugi\u010d v rekordnem \u010dasu po\u0161la, smo pri\u010deli sistemati\u010dno zbirati vse va\u0161e predloge in vpra\u0161anja. Tako je nastala \u0161e bogatej\u0161a knjiga, ki ne prina\u0161a le kopice novih receptov, temve\u010d sedaj pokriva tudi podro\u010dja [&hellip;]<\/p>\n","protected":false},"featured_media":21184,"template":"","meta":{"_monsterinsights_skip_tracking":false,"_monsterinsights_sitenote_active":false,"_monsterinsights_sitenote_note":"","_monsterinsights_sitenote_category":0},"product_brand":[],"product_cat":[18,41],"product_tag":[],"class_list":{"0":"post-21183","1":"product","2":"type-product","3":"status-publish","4":"has-post-thumbnail","6":"product_cat-nove-knjige","7":"product_cat-zdravje-kulinarika","9":"first","10":"instock","11":"taxable","12":"shipping-taxable","13":"purchasable","14":"product-type-simple"},"jetpack_sharing_enabled":true,"_links":{"self":[{"href":"https:\/\/www.antikvariat-vodnik.si\/index.php?rest_route=\/wp\/v2\/product\/21183","targetHints":{"allow":["GET"]}}],"collection":[{"href":"https:\/\/www.antikvariat-vodnik.si\/index.php?rest_route=\/wp\/v2\/product"}],"about":[{"href":"https:\/\/www.antikvariat-vodnik.si\/index.php?rest_route=\/wp\/v2\/types\/product"}],"wp:featuredmedia":[{"embeddable":true,"href":"https:\/\/www.antikvariat-vodnik.si\/index.php?rest_route=\/wp\/v2\/media\/21184"}],"wp:attachment":[{"href":"https:\/\/www.antikvariat-vodnik.si\/index.php?rest_route=%2Fwp%2Fv2%2Fmedia&parent=21183"}],"wp:term":[{"taxonomy":"product_brand","embeddable":true,"href":"https:\/\/www.antikvariat-vodnik.si\/index.php?rest_route=%2Fwp%2Fv2%2Fproduct_brand&post=21183"},{"taxonomy":"product_cat","embeddable":true,"href":"https:\/\/www.antikvariat-vodnik.si\/index.php?rest_route=%2Fwp%2Fv2%2Fproduct_cat&post=21183"},{"taxonomy":"product_tag","embeddable":true,"href":"https:\/\/www.antikvariat-vodnik.si\/index.php?rest_route=%2Fwp%2Fv2%2Fproduct_tag&post=21183"}],"curies":[{"name":"wp","href":"https:\/\/api.w.org\/{rel}","templated":true}]}}