{"id":21014,"date":"2022-03-04T17:15:22","date_gmt":"2022-03-04T16:15:22","guid":{"rendered":"https:\/\/www.antikvariat-vodnik.si\/?post_type=product&#038;p=21014"},"modified":"2025-10-16T13:37:32","modified_gmt":"2025-10-16T11:37:32","slug":"naravne-resitve-za-tezave-z-virusi-sanja-loncar","status":"publish","type":"product","link":"https:\/\/www.antikvariat-vodnik.si\/?product=naravne-resitve-za-tezave-z-virusi-sanja-loncar","title":{"rendered":"NARAVNE RE\u0160ITVE ZA TE\u017dAVE Z VIRUSI, Sanja Lon\u010dar"},"content":{"rendered":"<p>Za naravo virusi niso ni\u010d novega! \u017divali in rastline jih poznajo \u017ee milijone let.\u00a0In ker re\u0161itve najraje i\u0161\u010demo pri najbolj izku\u0161enih, smo tudi tokrat poklicali na pomo\u010d rastline z dokazanimi protivirusnimi mo\u010dmi.<\/p>\n","protected":false},"excerpt":{"rendered":"<p>Za naravo virusi niso ni\u010d novega! \u017divali in rastline jih poznajo \u017ee milijone let.\u00a0In ker re\u0161itve najraje i\u0161\u010demo pri najbolj izku\u0161enih, smo tudi tokrat poklicali na pomo\u010d rastline z dokazanimi protivirusnimi mo\u010dmi.<\/p>\n","protected":false},"featured_media":21015,"template":"","meta":{"_monsterinsights_skip_tracking":false,"_monsterinsights_sitenote_active":false,"_monsterinsights_sitenote_note":"","_monsterinsights_sitenote_category":0},"product_brand":[],"product_cat":[18,41],"product_tag":[],"class_list":{"0":"post-21014","1":"product","2":"type-product","3":"status-publish","4":"has-post-thumbnail","6":"product_cat-nove-knjige","7":"product_cat-zdravje-kulinarika","9":"first","10":"instock","11":"taxable","12":"shipping-taxable","13":"purchasable","14":"product-type-simple"},"jetpack_sharing_enabled":true,"_links":{"self":[{"href":"https:\/\/www.antikvariat-vodnik.si\/index.php?rest_route=\/wp\/v2\/product\/21014","targetHints":{"allow":["GET"]}}],"collection":[{"href":"https:\/\/www.antikvariat-vodnik.si\/index.php?rest_route=\/wp\/v2\/product"}],"about":[{"href":"https:\/\/www.antikvariat-vodnik.si\/index.php?rest_route=\/wp\/v2\/types\/product"}],"wp:featuredmedia":[{"embeddable":true,"href":"https:\/\/www.antikvariat-vodnik.si\/index.php?rest_route=\/wp\/v2\/media\/21015"}],"wp:attachment":[{"href":"https:\/\/www.antikvariat-vodnik.si\/index.php?rest_route=%2Fwp%2Fv2%2Fmedia&parent=21014"}],"wp:term":[{"taxonomy":"product_brand","embeddable":true,"href":"https:\/\/www.antikvariat-vodnik.si\/index.php?rest_route=%2Fwp%2Fv2%2Fproduct_brand&post=21014"},{"taxonomy":"product_cat","embeddable":true,"href":"https:\/\/www.antikvariat-vodnik.si\/index.php?rest_route=%2Fwp%2Fv2%2Fproduct_cat&post=21014"},{"taxonomy":"product_tag","embeddable":true,"href":"https:\/\/www.antikvariat-vodnik.si\/index.php?rest_route=%2Fwp%2Fv2%2Fproduct_tag&post=21014"}],"curies":[{"name":"wp","href":"https:\/\/api.w.org\/{rel}","templated":true}]}}