{"id":20177,"date":"2022-02-17T16:34:24","date_gmt":"2022-02-17T15:34:24","guid":{"rendered":"https:\/\/www.antikvariat-vodnik.si\/?post_type=product&#038;p=20177"},"modified":"2025-12-09T13:16:38","modified_gmt":"2025-12-09T12:16:38","slug":"volk-in-sedem-kozlickov-wilhelm-grimm-jacob-grimm","status":"publish","type":"product","link":"https:\/\/www.antikvariat-vodnik.si\/?product=volk-in-sedem-kozlickov-wilhelm-grimm-jacob-grimm","title":{"rendered":"VOLK IN SEDEM KOZLI\u010cKOV, Wilhelm Grimm , Jacob Grimm"},"content":{"rendered":"<p>Klasi\u010dna pravljica o pogumni mami kozi, ki je iz volkovega trebuha re\u0161ila svoje male kozli\u010dke.<\/p>\n<p>Neko\u010d je \u017eivela stara koza, ki je imela sedem kozli\u010dkov. Imela jih je rada, kot ima pa\u010d vsaka mama rada svoje otroke. Nekega dne se je odpravila v gozd po krmo, \u0161e prej pa je sklicala vseh sedem otrok in jim rekla:<\/p>\n<p><em>\u203a\u203aLjubi otroci, v gozd grem, vi pa se varujte volka! \u010ce bi pri\u0161el noter, bi vas po\u017erl s ko\u017eo in kostmi. Grdav\u017e se velikokrat pretvarja, da je kdo drug, toda takoj ga boste prepoznali po njegovem hripavem glasu in \u010drnih tacah.\u00ab<\/em><\/p>\n","protected":false},"excerpt":{"rendered":"<p>Klasi\u010dna pravljica o pogumni mami kozi, ki je iz volkovega trebuha re\u0161ila svoje male kozli\u010dke. Neko\u010d je \u017eivela stara koza, ki je imela sedem kozli\u010dkov. Imela jih je rada, kot ima pa\u010d vsaka mama rada svoje otroke. Nekega dne se je odpravila v gozd po krmo, \u0161e prej pa je sklicala vseh sedem otrok in [&hellip;]<\/p>\n","protected":false},"featured_media":20178,"template":"","meta":{"_monsterinsights_skip_tracking":false,"_monsterinsights_sitenote_active":false,"_monsterinsights_sitenote_note":"","_monsterinsights_sitenote_category":0},"product_brand":[],"product_cat":[18,40],"product_tag":[],"class_list":{"0":"post-20177","1":"product","2":"type-product","3":"status-publish","4":"has-post-thumbnail","6":"product_cat-nove-knjige","7":"product_cat-otroska-mladinska-literatura","9":"first","10":"instock","11":"taxable","12":"shipping-taxable","13":"purchasable","14":"product-type-simple"},"jetpack_sharing_enabled":true,"_links":{"self":[{"href":"https:\/\/www.antikvariat-vodnik.si\/index.php?rest_route=\/wp\/v2\/product\/20177","targetHints":{"allow":["GET"]}}],"collection":[{"href":"https:\/\/www.antikvariat-vodnik.si\/index.php?rest_route=\/wp\/v2\/product"}],"about":[{"href":"https:\/\/www.antikvariat-vodnik.si\/index.php?rest_route=\/wp\/v2\/types\/product"}],"wp:featuredmedia":[{"embeddable":true,"href":"https:\/\/www.antikvariat-vodnik.si\/index.php?rest_route=\/wp\/v2\/media\/20178"}],"wp:attachment":[{"href":"https:\/\/www.antikvariat-vodnik.si\/index.php?rest_route=%2Fwp%2Fv2%2Fmedia&parent=20177"}],"wp:term":[{"taxonomy":"product_brand","embeddable":true,"href":"https:\/\/www.antikvariat-vodnik.si\/index.php?rest_route=%2Fwp%2Fv2%2Fproduct_brand&post=20177"},{"taxonomy":"product_cat","embeddable":true,"href":"https:\/\/www.antikvariat-vodnik.si\/index.php?rest_route=%2Fwp%2Fv2%2Fproduct_cat&post=20177"},{"taxonomy":"product_tag","embeddable":true,"href":"https:\/\/www.antikvariat-vodnik.si\/index.php?rest_route=%2Fwp%2Fv2%2Fproduct_tag&post=20177"}],"curies":[{"name":"wp","href":"https:\/\/api.w.org\/{rel}","templated":true}]}}