{"id":20041,"date":"2022-02-15T16:37:30","date_gmt":"2022-02-15T15:37:30","guid":{"rendered":"https:\/\/www.antikvariat-vodnik.si\/?post_type=product&#038;p=20041"},"modified":"2023-02-24T14:16:48","modified_gmt":"2023-02-24T13:16:48","slug":"babica-pripoveduje","status":"publish","type":"product","link":"https:\/\/www.antikvariat-vodnik.si\/?product=babica-pripoveduje","title":{"rendered":"BABICA PRIPOVEDUJE"},"content":{"rendered":"<p>Ponatis!<\/p>\n<p>Legendarna zbirka 51 kratkih slovenskih ljudskih pravljic, ki jih je pred skoraj petdesetimi leti z vseh koncev Slovenije nabrala Kristina Brenkova: belokranjsko o ma\u010dehi in pastorki, koro\u0161ki pripovedki o kralju Matja\u017eu in hvale\u017enem medvedu, rezijanska pravljica o grdinici, tolminska pravljica o Bedini in Bedinu pa dolenjska o zlati ribici \u2026 S \u010dudovitimi ilustracijami An\u010dke Go\u0161nik Godec.<\/p>\n","protected":false},"excerpt":{"rendered":"<p>Ponatis! Legendarna zbirka 51 kratkih slovenskih ljudskih pravljic, ki jih je pred skoraj petdesetimi leti z vseh koncev Slovenije nabrala Kristina Brenkova: belokranjsko o ma\u010dehi in pastorki, koro\u0161ki pripovedki o kralju Matja\u017eu in hvale\u017enem medvedu, rezijanska pravljica o grdinici, tolminska pravljica o Bedini in Bedinu pa dolenjska o zlati ribici \u2026 S \u010dudovitimi ilustracijami An\u010dke [&hellip;]<\/p>\n","protected":false},"featured_media":20042,"template":"","meta":{"_monsterinsights_skip_tracking":false,"_monsterinsights_sitenote_active":false,"_monsterinsights_sitenote_note":"","_monsterinsights_sitenote_category":0},"product_brand":[],"product_cat":[18,40],"product_tag":[],"class_list":{"0":"post-20041","1":"product","2":"type-product","3":"status-publish","4":"has-post-thumbnail","6":"product_cat-nove-knjige","7":"product_cat-otroska-mladinska-literatura","9":"first","10":"instock","11":"taxable","12":"shipping-taxable","13":"purchasable","14":"product-type-simple"},"jetpack_sharing_enabled":true,"_links":{"self":[{"href":"https:\/\/www.antikvariat-vodnik.si\/index.php?rest_route=\/wp\/v2\/product\/20041","targetHints":{"allow":["GET"]}}],"collection":[{"href":"https:\/\/www.antikvariat-vodnik.si\/index.php?rest_route=\/wp\/v2\/product"}],"about":[{"href":"https:\/\/www.antikvariat-vodnik.si\/index.php?rest_route=\/wp\/v2\/types\/product"}],"wp:featuredmedia":[{"embeddable":true,"href":"https:\/\/www.antikvariat-vodnik.si\/index.php?rest_route=\/wp\/v2\/media\/20042"}],"wp:attachment":[{"href":"https:\/\/www.antikvariat-vodnik.si\/index.php?rest_route=%2Fwp%2Fv2%2Fmedia&parent=20041"}],"wp:term":[{"taxonomy":"product_brand","embeddable":true,"href":"https:\/\/www.antikvariat-vodnik.si\/index.php?rest_route=%2Fwp%2Fv2%2Fproduct_brand&post=20041"},{"taxonomy":"product_cat","embeddable":true,"href":"https:\/\/www.antikvariat-vodnik.si\/index.php?rest_route=%2Fwp%2Fv2%2Fproduct_cat&post=20041"},{"taxonomy":"product_tag","embeddable":true,"href":"https:\/\/www.antikvariat-vodnik.si\/index.php?rest_route=%2Fwp%2Fv2%2Fproduct_tag&post=20041"}],"curies":[{"name":"wp","href":"https:\/\/api.w.org\/{rel}","templated":true}]}}