{"id":19424,"date":"2022-01-16T16:03:36","date_gmt":"2022-01-16T15:03:36","guid":{"rendered":"https:\/\/www.antikvariat-vodnik.si\/?post_type=product&#038;p=19424"},"modified":"2025-11-27T16:57:50","modified_gmt":"2025-11-27T15:57:50","slug":"albin-rogelj-bine-slikar-in-karikaturist-lojze-gostisa","status":"publish","type":"product","link":"https:\/\/www.antikvariat-vodnik.si\/?product=albin-rogelj-bine-slikar-in-karikaturist-lojze-gostisa","title":{"rendered":"ALBIN ROGELJ &#8211; BINE, SLIKAR IN KARIKATURIST, Lojze Gosti\u0161a"},"content":{"rendered":"<p>260 strani, trda vezava in \u0161\u010ditni ovitek, 30 cm, MKT Print 2005, lepo ohranjeno<\/p>\n","protected":false},"excerpt":{"rendered":"<p>260 strani, trda vezava in \u0161\u010ditni ovitek, 30 cm, MKT Print 2005, lepo ohranjeno<\/p>\n","protected":false},"featured_media":18641,"template":"","meta":{"_monsterinsights_skip_tracking":false,"_monsterinsights_sitenote_active":false,"_monsterinsights_sitenote_note":"","_monsterinsights_sitenote_category":0},"product_brand":[],"product_cat":[17,31,16,59,24],"product_tag":[],"class_list":{"0":"post-19424","1":"product","2":"type-product","3":"status-publish","4":"has-post-thumbnail","6":"product_cat-antikvarne-knjige","7":"product_cat-humor","8":"product_cat-katalog-knjig","9":"product_cat-slikarstvo-kiparstvo-grafika","10":"product_cat-umetnost","12":"first","13":"instock","14":"taxable","15":"shipping-taxable","16":"purchasable","17":"product-type-simple"},"jetpack_sharing_enabled":true,"_links":{"self":[{"href":"https:\/\/www.antikvariat-vodnik.si\/index.php?rest_route=\/wp\/v2\/product\/19424","targetHints":{"allow":["GET"]}}],"collection":[{"href":"https:\/\/www.antikvariat-vodnik.si\/index.php?rest_route=\/wp\/v2\/product"}],"about":[{"href":"https:\/\/www.antikvariat-vodnik.si\/index.php?rest_route=\/wp\/v2\/types\/product"}],"wp:featuredmedia":[{"embeddable":true,"href":"https:\/\/www.antikvariat-vodnik.si\/index.php?rest_route=\/wp\/v2\/media\/18641"}],"wp:attachment":[{"href":"https:\/\/www.antikvariat-vodnik.si\/index.php?rest_route=%2Fwp%2Fv2%2Fmedia&parent=19424"}],"wp:term":[{"taxonomy":"product_brand","embeddable":true,"href":"https:\/\/www.antikvariat-vodnik.si\/index.php?rest_route=%2Fwp%2Fv2%2Fproduct_brand&post=19424"},{"taxonomy":"product_cat","embeddable":true,"href":"https:\/\/www.antikvariat-vodnik.si\/index.php?rest_route=%2Fwp%2Fv2%2Fproduct_cat&post=19424"},{"taxonomy":"product_tag","embeddable":true,"href":"https:\/\/www.antikvariat-vodnik.si\/index.php?rest_route=%2Fwp%2Fv2%2Fproduct_tag&post=19424"}],"curies":[{"name":"wp","href":"https:\/\/api.w.org\/{rel}","templated":true}]}}