{"id":19418,"date":"2022-01-16T14:52:37","date_gmt":"2022-01-16T13:52:37","guid":{"rendered":"https:\/\/www.antikvariat-vodnik.si\/?post_type=product&#038;p=19418"},"modified":"2022-01-16T14:53:02","modified_gmt":"2022-01-16T13:53:02","slug":"pridelovanje-krme-joze-korosec","status":"publish","type":"product","link":"https:\/\/www.antikvariat-vodnik.si\/?product=pridelovanje-krme-joze-korosec","title":{"rendered":"PRIDELOVANJE KRME, Jo\u017ee Koro\u0161ec"},"content":{"rendered":"<p>192 strani, trda vezava, 20,3 cm, \u010cZP Kme\u010dki glas, 1989, lepo ohranjena<\/p>\n","protected":false},"excerpt":{"rendered":"<p>192 strani, trda vezava, 20,3 cm, \u010cZP Kme\u010dki glas, 1989, lepo ohranjena<\/p>\n","protected":false},"featured_media":19373,"template":"","meta":{"_monsterinsights_skip_tracking":false,"_monsterinsights_sitenote_active":false,"_monsterinsights_sitenote_note":"","_monsterinsights_sitenote_category":0},"product_brand":[],"product_cat":[17,52,16,25,26,53],"product_tag":[],"class_list":{"0":"post-19418","1":"product","2":"type-product","3":"status-publish","4":"has-post-thumbnail","6":"product_cat-antikvarne-knjige","7":"product_cat-dom-vrt-rocna-dela","8":"product_cat-katalog-knjig","9":"product_cat-naravoslovje-medicina-tehnika","10":"product_cat-prirocniki-uporabne-vede-duhovnost","11":"product_cat-rastline-vrt-zivali","13":"first","14":"instock","15":"taxable","16":"shipping-taxable","17":"purchasable","18":"product-type-simple"},"jetpack_sharing_enabled":true,"_links":{"self":[{"href":"https:\/\/www.antikvariat-vodnik.si\/index.php?rest_route=\/wp\/v2\/product\/19418","targetHints":{"allow":["GET"]}}],"collection":[{"href":"https:\/\/www.antikvariat-vodnik.si\/index.php?rest_route=\/wp\/v2\/product"}],"about":[{"href":"https:\/\/www.antikvariat-vodnik.si\/index.php?rest_route=\/wp\/v2\/types\/product"}],"wp:featuredmedia":[{"embeddable":true,"href":"https:\/\/www.antikvariat-vodnik.si\/index.php?rest_route=\/wp\/v2\/media\/19373"}],"wp:attachment":[{"href":"https:\/\/www.antikvariat-vodnik.si\/index.php?rest_route=%2Fwp%2Fv2%2Fmedia&parent=19418"}],"wp:term":[{"taxonomy":"product_brand","embeddable":true,"href":"https:\/\/www.antikvariat-vodnik.si\/index.php?rest_route=%2Fwp%2Fv2%2Fproduct_brand&post=19418"},{"taxonomy":"product_cat","embeddable":true,"href":"https:\/\/www.antikvariat-vodnik.si\/index.php?rest_route=%2Fwp%2Fv2%2Fproduct_cat&post=19418"},{"taxonomy":"product_tag","embeddable":true,"href":"https:\/\/www.antikvariat-vodnik.si\/index.php?rest_route=%2Fwp%2Fv2%2Fproduct_tag&post=19418"}],"curies":[{"name":"wp","href":"https:\/\/api.w.org\/{rel}","templated":true}]}}