{"id":18869,"date":"2021-12-22T17:32:14","date_gmt":"2021-12-22T16:32:14","guid":{"rendered":"https:\/\/www.antikvariat-vodnik.si\/?post_type=product&#038;p=18869"},"modified":"2021-12-22T17:33:28","modified_gmt":"2021-12-22T16:33:28","slug":"klasicni-jezik-v-slovenskem-solstvu-1848-1945-matej-hribersek","status":"publish","type":"product","link":"https:\/\/www.antikvariat-vodnik.si\/?product=klasicni-jezik-v-slovenskem-solstvu-1848-1945-matej-hribersek","title":{"rendered":"KLASI\u010cNI JEZIK V SLOVENSKEM \u0160OLSTVU 1848-1945, Matej Hriber\u0161ek"},"content":{"rendered":"<p>416 strani, mehka vezava, 23,5 cm, izdal: ZRC, Ljubljana 2005, knjiga je kot nova (s posvetilom na prvi strani)<\/p>\n","protected":false},"excerpt":{"rendered":"<p>416 strani, mehka vezava, 23,5 cm, izdal: ZRC, Ljubljana 2005, knjiga je kot nova (s posvetilom na prvi strani)<\/p>\n","protected":false},"featured_media":18744,"template":"","meta":{"_monsterinsights_skip_tracking":false,"_monsterinsights_sitenote_active":false,"_monsterinsights_sitenote_note":"","_monsterinsights_sitenote_category":0},"product_brand":[],"product_cat":[17,19,16,47,43],"product_tag":[],"class_list":{"0":"post-18869","1":"product","2":"type-product","3":"status-publish","4":"has-post-thumbnail","6":"product_cat-antikvarne-knjige","7":"product_cat-humanistika-druzboslovje","8":"product_cat-katalog-knjig","9":"product_cat-slovarji-slovnice-jezikoslovje","10":"product_cat-zgodovina-domoznanstvo","12":"first","13":"instock","14":"taxable","15":"shipping-taxable","16":"purchasable","17":"product-type-simple"},"jetpack_sharing_enabled":true,"_links":{"self":[{"href":"https:\/\/www.antikvariat-vodnik.si\/index.php?rest_route=\/wp\/v2\/product\/18869","targetHints":{"allow":["GET"]}}],"collection":[{"href":"https:\/\/www.antikvariat-vodnik.si\/index.php?rest_route=\/wp\/v2\/product"}],"about":[{"href":"https:\/\/www.antikvariat-vodnik.si\/index.php?rest_route=\/wp\/v2\/types\/product"}],"wp:featuredmedia":[{"embeddable":true,"href":"https:\/\/www.antikvariat-vodnik.si\/index.php?rest_route=\/wp\/v2\/media\/18744"}],"wp:attachment":[{"href":"https:\/\/www.antikvariat-vodnik.si\/index.php?rest_route=%2Fwp%2Fv2%2Fmedia&parent=18869"}],"wp:term":[{"taxonomy":"product_brand","embeddable":true,"href":"https:\/\/www.antikvariat-vodnik.si\/index.php?rest_route=%2Fwp%2Fv2%2Fproduct_brand&post=18869"},{"taxonomy":"product_cat","embeddable":true,"href":"https:\/\/www.antikvariat-vodnik.si\/index.php?rest_route=%2Fwp%2Fv2%2Fproduct_cat&post=18869"},{"taxonomy":"product_tag","embeddable":true,"href":"https:\/\/www.antikvariat-vodnik.si\/index.php?rest_route=%2Fwp%2Fv2%2Fproduct_tag&post=18869"}],"curies":[{"name":"wp","href":"https:\/\/api.w.org\/{rel}","templated":true}]}}