{"id":10352,"date":"2021-04-21T14:11:30","date_gmt":"2021-04-21T12:11:30","guid":{"rendered":"https:\/\/www.antikvariat-vodnik.si\/?post_type=product&#038;p=10352"},"modified":"2023-11-07T10:40:42","modified_gmt":"2023-11-07T09:40:42","slug":"101-bajka-in-basen-za-otroke-chiara-cioni","status":"publish","type":"product","link":"https:\/\/www.antikvariat-vodnik.si\/?product=101-bajka-in-basen-za-otroke-chiara-cioni","title":{"rendered":"101 BAJKA IN BASEN ZA OTROKE, Chiara Cioni"},"content":{"rendered":"<p>\u010cudovita zbirka ve\u010dnih zgodb za otroke:<br \/>\nklasi\u010dne pravljice, ljudske pripovedke, legende in miti z vsega sveta!<\/p>\n<ul id=\"idTab2\" class=\"bullet\">\n<li>Zalo\u017eba:\u00a0U\u010dila International, d.o.o.<\/li>\n<li>Dimenzije:\u00a0220 x 282 x 18<\/li>\n<li>Jezik:\u00a0Slovenski<\/li>\n<li>Leto izdaje:\u00a02019<\/li>\n<li>Prevajalec:\u00a0Ne\u017ea Kralj<\/li>\n<li>\u0160tevilo strani:\u00a0126<\/li>\n<\/ul>\n","protected":false},"excerpt":{"rendered":"<p>\u010cudovita zbirka ve\u010dnih zgodb za otroke: klasi\u010dne pravljice, ljudske pripovedke, legende in miti z vsega sveta! Zalo\u017eba:\u00a0U\u010dila International, d.o.o. Dimenzije:\u00a0220 x 282 x 18 Jezik:\u00a0Slovenski Leto izdaje:\u00a02019 Prevajalec:\u00a0Ne\u017ea Kralj \u0160tevilo strani:\u00a0126<\/p>\n","protected":false},"featured_media":10353,"template":"","meta":{"_monsterinsights_skip_tracking":false,"_monsterinsights_sitenote_active":false,"_monsterinsights_sitenote_note":"","_monsterinsights_sitenote_category":0},"product_brand":[],"product_cat":[16,18,40],"product_tag":[],"class_list":{"0":"post-10352","1":"product","2":"type-product","3":"status-publish","4":"has-post-thumbnail","6":"product_cat-katalog-knjig","7":"product_cat-nove-knjige","8":"product_cat-otroska-mladinska-literatura","10":"first","11":"instock","12":"taxable","13":"shipping-taxable","14":"purchasable","15":"product-type-simple"},"jetpack_sharing_enabled":true,"_links":{"self":[{"href":"https:\/\/www.antikvariat-vodnik.si\/index.php?rest_route=\/wp\/v2\/product\/10352","targetHints":{"allow":["GET"]}}],"collection":[{"href":"https:\/\/www.antikvariat-vodnik.si\/index.php?rest_route=\/wp\/v2\/product"}],"about":[{"href":"https:\/\/www.antikvariat-vodnik.si\/index.php?rest_route=\/wp\/v2\/types\/product"}],"wp:featuredmedia":[{"embeddable":true,"href":"https:\/\/www.antikvariat-vodnik.si\/index.php?rest_route=\/wp\/v2\/media\/10353"}],"wp:attachment":[{"href":"https:\/\/www.antikvariat-vodnik.si\/index.php?rest_route=%2Fwp%2Fv2%2Fmedia&parent=10352"}],"wp:term":[{"taxonomy":"product_brand","embeddable":true,"href":"https:\/\/www.antikvariat-vodnik.si\/index.php?rest_route=%2Fwp%2Fv2%2Fproduct_brand&post=10352"},{"taxonomy":"product_cat","embeddable":true,"href":"https:\/\/www.antikvariat-vodnik.si\/index.php?rest_route=%2Fwp%2Fv2%2Fproduct_cat&post=10352"},{"taxonomy":"product_tag","embeddable":true,"href":"https:\/\/www.antikvariat-vodnik.si\/index.php?rest_route=%2Fwp%2Fv2%2Fproduct_tag&post=10352"}],"curies":[{"name":"wp","href":"https:\/\/api.w.org\/{rel}","templated":true}]}}