{"id":979,"date":"2020-11-22T18:07:39","date_gmt":"2020-11-22T18:07:39","guid":{"rendered":"https:\/\/www.antikvariat-vodnik.si\/?page_id=979"},"modified":"2023-12-21T09:51:37","modified_gmt":"2023-12-21T08:51:37","slug":"nacin-nakupovanja","status":"publish","type":"page","link":"https:\/\/www.antikvariat-vodnik.si\/?page_id=979","title":{"rendered":"Na\u010din nakupovanja"},"content":{"rendered":"\t\t<div data-elementor-type=\"wp-page\" data-elementor-id=\"979\" class=\"elementor elementor-979\" data-elementor-post-type=\"page\">\n\t\t\t\t<div class=\"elementor-element elementor-element-3a417727 e-flex e-con-boxed e-con e-parent\" data-id=\"3a417727\" data-element_type=\"container\" data-e-type=\"container\">\n\t\t\t\t\t<div class=\"e-con-inner\">\n\t\t\t\t<div class=\"elementor-element elementor-element-d37f9f9 elementor-widget elementor-widget-text-editor\" data-id=\"d37f9f9\" data-element_type=\"widget\" data-e-type=\"widget\" data-widget_type=\"text-editor.default\">\n\t\t\t\t<div class=\"elementor-widget-container\">\n\t\t\t\t\t\t\t\t\t<p>Naro\u010danje knjig je mogo\u010de preko spletne strani <a href=\"http:\/\/www.antikvariat-vodnik.si\">http:\/\/www.antikvariat-vodnik.si<\/a>. Naro\u010danje je mo\u017eno 24 ur vse dni v letu. \u0160teje se, da je uporabnik ob registraciji in oddaji naro\u010dila v celoti seznanjen s pogoji poslovanja spletne trgovine antikvariat-vodnik.si.<br><br> <br>Registracija uporabni\u0161kega ra\u010duna za nakup ni obvezna. Naro\u010dilo mora vsebovati to\u010den naslov in naziv prejemnika naro\u010dila. Pri nakupu mora kupec navesti osebne podatke za dostavo, lahko pa se tudi registrira tako, da si ustvari uporabni\u0161ki ra\u010dun. Prednost uporabni\u0161kega ra\u010duna je, da pri naslednjih nakupih vpisovanje podatkov za dostavo ni ve\u010d potrebno.<br><br><br><strong>Potek naro\u010danja<\/strong><br><br>\u017deljeno knjigo kupec naro\u010di s klikom na <strong>\u201dDodaj v ko\u0161arico\u201d<\/strong> ob naslovu knjige. Izbrana knjiga se prenese v spletno ko\u0161arico. Nato lahko nadaljuje z izbiranjem dodatnih knjig ali pa se odlo\u010di za zaklju\u010dek naro\u010dila. Ko\u0161arica izbranih knjig je prikazana zgoraj desno, kjer je na voljo ikona ko\u0161arice. S klikom <strong>&#8220;Prika\u017ei ko\u0161arico&#8221;<\/strong> se prika\u017eejo knjige dodane v ko\u0161arici.<br><br><br>Ko je kupec zadovoljen z naborom knjig v ko\u0161arici, klikne gumb <strong>&#8220;Nadaljuj na blagajno&#8221;<\/strong>, kjer vpi\u0161e podatke za naro\u010dilo in dostavo. Naslov za dostavo je lahko druga\u010den kot naslov pla\u010dnika. Naro\u010dilo se odda in zaklju\u010di z gumbom <strong>&#8220;Kupite sedaj&#8221;. <\/strong><br><br><br>Po oddaji naro\u010dila na e-naslov kupec prejme sporo\u010dilo s potrditvijo naro\u010dilo. Mo\u017eno je, da je izbrana knjiga \u017ee prodana v na\u0161i prodajalni ali preko spleta, zato po\u010dakajte na dodatno sporo\u010dilo s strani prodajalca, ki bo potrdil va\u0161e naro\u010dilo oz. vas obvestimo o trenutni nedobavljivosti.<br><br><br>Za oddajo naro\u010dila se ni potrebno prijavljati oz. registrirati. \u010ce \u017eelite opraviti nakup, morate ob oddaji naro\u010dila samo izpolniti to\u010dne podatke.<br><br><br>Sprejeta naro\u010dila se obravnavajo kot nepreklicna.<br>Ponudnik lahko naro\u010dilo tudi zavrne, \u010de ugotovi, da ga pod danimi pogoji ne more izvesti. Predhodno kupca o tem obvesti in navede razloge za zavrnitev naro\u010dila, \u010de je to mo\u017eno.<br><br><br><strong>Preklic naro\u010dila<\/strong><br><br>Oddano naro\u010dilo preko spletne trgovine lahko kupec brez dodatnih stro\u0161kov prekli\u010de do odpreme naro\u010dila.<\/p>\n<p>Obvestilo o preklicu naro\u010dila je mo\u017eno izklju\u010dno preko elektronske po\u0161te na knjigarna.vodnik@gmail.com. V elektronskem sporo\u010dilu je obvezno potrebno navesti podatke o va\u0161i \u0161tevilki naro\u010dila, ime, priimek in naslov. <\/p>\n<p><br><\/p>\n<p>Oglejte si tudi vse pogoje poslovanja, ki so objavljeni na&nbsp;<a href=\"https:\/\/www.antikvariat-vodnik.si\/?page_id=975\" target=\"_blank\" style=\"font-family: var( --e-global-typography-text-font-family ), Sans-serif; font-weight: var( --e-global-typography-text-font-weight ); text-align: var(--text-align); background-color: rgb(255, 255, 255);\">tej spletni strani.<\/a><\/p>\t\t\t\t\t\t\t\t<\/div>\n\t\t\t\t<\/div>\n\t\t\t\t\t<\/div>\n\t\t\t\t<\/div>\n\t\t\t\t<\/div>\n\t\t","protected":false},"excerpt":{"rendered":"<p>Naro\u010danje knjig je mogo\u010de preko spletne strani http:\/\/www.antikvariat-vodnik.si. Naro\u010danje je mo\u017eno 24 ur vse dni v letu. \u0160teje se, da je uporabnik ob registraciji in oddaji naro\u010dila v celoti seznanjen s pogoji poslovanja spletne trgovine antikvariat-vodnik.si. Registracija uporabni\u0161kega ra\u010duna za nakup ni obvezna. Naro\u010dilo mora vsebovati to\u010den naslov in naziv prejemnika naro\u010dila. Pri nakupu mora [&hellip;]<\/p>\n","protected":false},"author":1,"featured_media":0,"parent":0,"menu_order":0,"comment_status":"closed","ping_status":"closed","template":"","meta":{"_monsterinsights_skip_tracking":false,"_monsterinsights_sitenote_active":false,"_monsterinsights_sitenote_note":"","_monsterinsights_sitenote_category":0,"footnotes":""},"class_list":["post-979","page","type-page","status-publish","hentry"],"jetpack_sharing_enabled":true,"_links":{"self":[{"href":"https:\/\/www.antikvariat-vodnik.si\/index.php?rest_route=\/wp\/v2\/pages\/979","targetHints":{"allow":["GET"]}}],"collection":[{"href":"https:\/\/www.antikvariat-vodnik.si\/index.php?rest_route=\/wp\/v2\/pages"}],"about":[{"href":"https:\/\/www.antikvariat-vodnik.si\/index.php?rest_route=\/wp\/v2\/types\/page"}],"author":[{"embeddable":true,"href":"https:\/\/www.antikvariat-vodnik.si\/index.php?rest_route=\/wp\/v2\/users\/1"}],"replies":[{"embeddable":true,"href":"https:\/\/www.antikvariat-vodnik.si\/index.php?rest_route=%2Fwp%2Fv2%2Fcomments&post=979"}],"version-history":[{"count":2,"href":"https:\/\/www.antikvariat-vodnik.si\/index.php?rest_route=\/wp\/v2\/pages\/979\/revisions"}],"predecessor-version":[{"id":49051,"href":"https:\/\/www.antikvariat-vodnik.si\/index.php?rest_route=\/wp\/v2\/pages\/979\/revisions\/49051"}],"wp:attachment":[{"href":"https:\/\/www.antikvariat-vodnik.si\/index.php?rest_route=%2Fwp%2Fv2%2Fmedia&parent=979"}],"curies":[{"name":"wp","href":"https:\/\/api.w.org\/{rel}","templated":true}]}}